CRAN Package Check Results for Package rFSA

Last updated on 2019-07-15 00:50:47 CEST.

Flavor Version Tinstall Tcheck Ttotal Status Flags
r-devel-linux-x86_64-debian-clang 0.9.1 5.15 64.66 69.81 OK
r-devel-linux-x86_64-debian-gcc 0.9.1 4.38 50.00 54.38 OK
r-devel-linux-x86_64-fedora-clang 0.9.1 79.81 NOTE
r-devel-linux-x86_64-fedora-gcc 0.9.1 78.80 NOTE
r-devel-windows-ix86+x86_64 0.9.1 11.00 79.00 90.00 OK
r-patched-linux-x86_64 0.9.1 4.58 63.90 68.48 OK
r-patched-solaris-x86 0.9.1 116.90 NOTE
r-release-linux-x86_64 0.9.1 4.51 62.96 67.47 OK
r-release-windows-ix86+x86_64 0.9.1 11.00 95.00 106.00 OK
r-release-osx-x86_64 0.9.1 NOTE
r-oldrel-windows-ix86+x86_64 0.9.1 9.00 71.00 80.00 OK
r-oldrel-osx-x86_64 0.9.1 NOTE

Check Details

Version: 0.9.1
Check: dependencies in R code
Result: NOTE
    Namespace in Imports field not imported from: ‘methods’
     All declared Imports should be used.
Flavors: r-devel-linux-x86_64-fedora-clang, r-devel-linux-x86_64-fedora-gcc, r-patched-solaris-x86, r-release-osx-x86_64, r-oldrel-osx-x86_64