CRAN Package Check Results for Package rENA

Last updated on 2019-05-21 02:47:23 CEST.

Flavor Version Tinstall Tcheck Ttotal Status Flags
r-devel-linux-x86_64-debian-clang 0.1.6.1 148.64 90.31 238.95 OK
r-devel-linux-x86_64-debian-gcc 0.1.6.1 124.83 95.90 220.73 OK
r-devel-linux-x86_64-fedora-clang 0.1.6.1 372.46 NOTE
r-devel-linux-x86_64-fedora-gcc 0.1.6.1 311.25 OK
r-devel-windows-ix86+x86_64 0.1.6.1 341.00 173.00 514.00 NOTE
r-patched-linux-x86_64 0.1.6.1 150.40 90.53 240.93 OK
r-patched-solaris-x86 0.1.6.1 304.60 WARN
r-release-linux-x86_64 0.1.6.1 146.33 86.49 232.82 ERROR
r-release-windows-ix86+x86_64 0.1.6.1 368.00 177.00 545.00 NOTE
r-release-osx-x86_64 0.1.6.1 WARN
r-oldrel-windows-ix86+x86_64 0.1.6.1 240.00 116.00 356.00 NOTE
r-oldrel-osx-x86_64 0.1.6.1 WARN

Check Details

Version: 0.1.6.1
Check: installed package size
Result: NOTE
     installed size is 28.0Mb
     sub-directories of 1Mb or more:
     doc 7.9Mb
     libs 19.4Mb
Flavors: r-devel-linux-x86_64-fedora-clang, r-devel-windows-ix86+x86_64, r-patched-solaris-x86, r-release-windows-ix86+x86_64, r-release-osx-x86_64, r-oldrel-windows-ix86+x86_64, r-oldrel-osx-x86_64

Version: 0.1.6.1
Check: re-building of vignette outputs
Result: WARN
    Error(s) in re-building vignettes:
     ...
    --- re-building ‘getting-started.Rmd’ using rmarkdown
    Warning in engine$weave(file, quiet = quiet, encoding = enc) :
     Pandoc (>= 1.12.3) and/or pandoc-citeproc not available. Falling back to R Markdown v1.
    Loading required package: ggplot2
    
    Attaching package: 'plotly'
    
    The following object is masked from 'package:ggplot2':
    
     last_plot
    
    The following object is masked from 'package:stats':
    
     filter
    
    The following object is masked from 'package:graphics':
    
     layout
    
    Quitting from lines 118-128 (getting-started.Rmd)
    Error: processing vignette 'getting-started.Rmd' failed with diagnostics:
    there is no package called 'webshot'
    --- failed re-building ‘getting-started.Rmd’
    
    --- re-building ‘means-rotation.Rmd’ using rmarkdown
    Warning in engine$weave(file, quiet = quiet, encoding = enc) :
     Pandoc (>= 1.12.3) and/or pandoc-citeproc not available. Falling back to R Markdown v1.
    Loading required package: ggplot2
    
    Attaching package: 'plotly'
    
    The following object is masked from 'package:ggplot2':
    
     last_plot
    
    The following object is masked from 'package:stats':
    
     filter
    
    The following object is masked from 'package:graphics':
    
     layout
    
    Quitting from lines 56-83 (means-rotation.Rmd)
    Error: processing vignette 'means-rotation.Rmd' failed with diagnostics:
    there is no package called 'webshot'
    --- failed re-building ‘means-rotation.Rmd’
    
    SUMMARY: processing the following files failed:
     ‘getting-started.Rmd’ ‘means-rotation.Rmd’
    
    Error: Vignette re-building failed.
    Execution halted
Flavor: r-patched-solaris-x86

Version: 0.1.6.1
Check: tests
Result: ERROR
     Running ‘testthat.R’ [7s/6s]
    Running the tests in ‘tests/testthat.R’ failed.
    Complete output:
     > library(testthat)
     > library(rENA)
     >
     > test_check("rENA")
     [1] "Using custom rotation.set."
     ── 1. Failure: Verify binary/weighted accumulations with window > 1 are not equa
     any(win.4.binary$adjacency.vectors == win.4.sum$adjacency.vectors) not equal to `F`.
     1 element mismatch
    
     ══ testthat results ═══════════════════════════════════════════════════════════
     OK: 42 SKIPPED: 6 WARNINGS: 0 FAILED: 1
     1. Failure: Verify binary/weighted accumulations with window > 1 are not equal (@test.weighted.single.window.R#31)
    
     Error: testthat unit tests failed
     Execution halted
Flavor: r-release-linux-x86_64

Version: 0.1.6.1
Check: re-building of vignette outputs
Result: WARN
    Error(s) in re-building vignettes:
    --- re-building ‘getting-started.Rmd’ using rmarkdown
    Warning in engine$weave(file, quiet = quiet, encoding = enc) :
     Pandoc (>= 1.12.3) and/or pandoc-citeproc not available. Falling back to R Markdown v1.
    Loading required package: ggplot2
    
    Attaching package: 'plotly'
    
    The following object is masked from 'package:ggplot2':
    
     last_plot
    
    The following object is masked from 'package:stats':
    
     filter
    
    The following object is masked from 'package:graphics':
    
     layout
    
    Quitting from lines 118-128 (getting-started.Rmd)
    Error: processing vignette 'getting-started.Rmd' failed with diagnostics:
    cannot open the connection
    --- failed re-building ‘getting-started.Rmd’
    
    --- re-building ‘means-rotation.Rmd’ using rmarkdown
    Warning in engine$weave(file, quiet = quiet, encoding = enc) :
     Pandoc (>= 1.12.3) and/or pandoc-citeproc not available. Falling back to R Markdown v1.
    Loading required package: ggplot2
    
    Attaching package: 'plotly'
    
    The following object is masked from 'package:ggplot2':
    
     last_plot
    
    The following object is masked from 'package:stats':
    
     filter
    
    The following object is masked from 'package:graphics':
    
     layout
    
    Quitting from lines 56-83 (means-rotation.Rmd)
    Error: processing vignette 'means-rotation.Rmd' failed with diagnostics:
    cannot open the connection
    --- failed re-building ‘means-rotation.Rmd’
    
    SUMMARY: processing the following files failed:
     ‘getting-started.Rmd’ ‘means-rotation.Rmd’
    
    Error: Vignette re-building failed.
    Execution halted
Flavor: r-release-osx-x86_64

Version: 0.1.6.1
Check: re-building of vignette outputs
Result: WARN
    Error in re-building vignettes:
     ...
    Warning in engine$weave(file, quiet = quiet, encoding = enc) :
     Pandoc (>= 1.12.3) and/or pandoc-citeproc not available. Falling back to R Markdown v1.
    Loading required package: ggplot2
    
    Attaching package: 'plotly'
    
    The following object is masked from 'package:ggplot2':
    
     last_plot
    
    The following object is masked from 'package:stats':
    
     filter
    
    The following object is masked from 'package:graphics':
    
     layout
    
    Quitting from lines 118-128 (getting-started.Rmd)
    Error: processing vignette 'getting-started.Rmd' failed with diagnostics:
    cannot open the connection
    Execution halted
Flavor: r-oldrel-osx-x86_64