CRAN Package Check Results for Package rENA

Last updated on 2020-05-24 23:47:53 CEST.

Flavor Version Tinstall Tcheck Ttotal Status Flags
r-devel-linux-x86_64-debian-clang 0.2.0.1 45.28 144.89 190.17 OK
r-devel-linux-x86_64-debian-gcc 0.2.0.1 35.60 156.80 192.40 OK
r-devel-linux-x86_64-fedora-clang 0.2.0.1 209.89 NOTE
r-devel-linux-x86_64-fedora-gcc 0.2.0.1 195.66 OK
r-devel-windows-ix86+x86_64 0.2.0.1 110.00 242.00 352.00 NOTE
r-patched-linux-x86_64 0.2.0.1 37.78 141.58 179.36 OK
r-patched-solaris-x86 0.2.0.1 209.30 WARN
r-release-linux-x86_64 0.2.0.1 36.81 142.80 179.61 OK
r-release-osx-x86_64 0.2.0.1 NOTE
r-release-windows-ix86+x86_64 0.2.0.1 109.00 253.00 362.00 NOTE
r-oldrel-osx-x86_64 0.2.0.1 WARN
r-oldrel-windows-ix86+x86_64 0.2.0.1 79.00 194.00 273.00 NOTE

Check Details

Version: 0.2.0.1
Check: installed package size
Result: NOTE
     installed size is 9.7Mb
     sub-directories of 1Mb or more:
     doc 6.5Mb
     libs 2.5Mb
Flavors: r-devel-linux-x86_64-fedora-clang, r-devel-windows-ix86+x86_64, r-patched-solaris-x86, r-release-osx-x86_64, r-release-windows-ix86+x86_64, r-oldrel-osx-x86_64, r-oldrel-windows-ix86+x86_64

Version: 0.2.0.1
Check: re-building of vignette outputs
Result: WARN
    Error(s) in re-building vignettes:
     ...
    --- re-building ‘getting-started.Rmd’ using rmarkdown
    Warning in engine$weave(file, quiet = quiet, encoding = enc) :
     Pandoc (>= 1.12.3) and/or pandoc-citeproc not available. Falling back to R Markdown v1.
    
    Attaching package: 'rENA'
    
    The following object is masked from 'package:methods':
    
     show
    
    Loading required package: ggplot2
    
    Attaching package: 'plotly'
    
    The following object is masked from 'package:ggplot2':
    
     last_plot
    
    The following object is masked from 'package:stats':
    
     filter
    
    The following object is masked from 'package:graphics':
    
     layout
    
    Quitting from lines 107-117 (getting-started.Rmd)
    Error: processing vignette 'getting-started.Rmd' failed with diagnostics:
    there is no package called 'webshot'
    --- failed re-building ‘getting-started.Rmd’
    
    --- re-building ‘means-rotation.Rmd’ using rmarkdown
    Warning in engine$weave(file, quiet = quiet, encoding = enc) :
     Pandoc (>= 1.12.3) and/or pandoc-citeproc not available. Falling back to R Markdown v1.
    Loading required package: ggplot2
    
    Attaching package: 'plotly'
    
    The following object is masked from 'package:ggplot2':
    
     last_plot
    
    The following object is masked from 'package:stats':
    
     filter
    
    The following object is masked from 'package:graphics':
    
     layout
    
    
    Attaching package: 'rENA'
    
    The following object is masked from 'package:methods':
    
     show
    
    Quitting from lines 56-82 (means-rotation.Rmd)
    Error: processing vignette 'means-rotation.Rmd' failed with diagnostics:
    there is no package called 'webshot'
    --- failed re-building ‘means-rotation.Rmd’
    
    SUMMARY: processing the following files failed:
     ‘getting-started.Rmd’ ‘means-rotation.Rmd’
    
    Error: Vignette re-building failed.
    Execution halted
Flavor: r-patched-solaris-x86

Version: 0.2.0.1
Check: re-building of vignette outputs
Result: WARN
    Error(s) in re-building vignettes:
    --- re-building ‘getting-started.Rmd’ using rmarkdown
    Warning in engine$weave(file, quiet = quiet, encoding = enc) :
     Pandoc (>= 1.12.3) and/or pandoc-citeproc not available. Falling back to R Markdown v1.
    
    Attaching package: 'rENA'
    
    The following object is masked from 'package:methods':
    
     show
    
    Loading required package: ggplot2
    
    Attaching package: 'plotly'
    
    The following object is masked from 'package:ggplot2':
    
     last_plot
    
    The following object is masked from 'package:stats':
    
     filter
    
    The following object is masked from 'package:graphics':
    
     layout
    
    Quitting from lines 107-117 (getting-started.Rmd)
    Error: processing vignette 'getting-started.Rmd' failed with diagnostics:
    cannot open the connection
    --- failed re-building ‘getting-started.Rmd’
    
    --- re-building ‘means-rotation.Rmd’ using rmarkdown
    Warning in engine$weave(file, quiet = quiet, encoding = enc) :
     Pandoc (>= 1.12.3) and/or pandoc-citeproc not available. Falling back to R Markdown v1.
    Loading required package: ggplot2
    
    Attaching package: 'plotly'
    
    The following object is masked from 'package:ggplot2':
    
     last_plot
    
    The following object is masked from 'package:stats':
    
     filter
    
    The following object is masked from 'package:graphics':
    
     layout
    
    
    Attaching package: 'rENA'
    
    The following object is masked from 'package:methods':
    
     show
    
    Quitting from lines 56-82 (means-rotation.Rmd)
    Error: processing vignette 'means-rotation.Rmd' failed with diagnostics:
    cannot open the connection
    --- failed re-building ‘means-rotation.Rmd’
    
    SUMMARY: processing the following files failed:
     ‘getting-started.Rmd’ ‘means-rotation.Rmd’
    
    Error: Vignette re-building failed.
    Execution halted
Flavor: r-oldrel-osx-x86_64