CRAN Package Check Results for Package rClinicalCodes

Last updated on 2019-12-08 23:47:35 CET.

Flavor Version Tinstall Tcheck Ttotal Status Flags
r-devel-linux-x86_64-debian-clang 1.0.1 3.78 37.12 40.90 NOTE
r-devel-linux-x86_64-debian-gcc 1.0.1 3.08 29.15 32.23 NOTE
r-devel-linux-x86_64-fedora-clang 1.0.1 50.22 NOTE
r-devel-linux-x86_64-fedora-gcc 1.0.1 46.59 NOTE
r-devel-windows-ix86+x86_64 1.0.1 10.00 68.00 78.00 NOTE
r-devel-windows-ix86+x86_64-gcc8 1.0.1 9.00 71.00 80.00 NOTE
r-patched-linux-x86_64 1.0.1 3.54 33.40 36.94 NOTE
r-patched-solaris-x86 1.0.1 74.10 NOTE
r-release-linux-x86_64 1.0.1 3.60 33.38 36.98 NOTE
r-release-windows-ix86+x86_64 1.0.1 12.00 45.00 57.00 NOTE
r-release-osx-x86_64 1.0.1 NOTE
r-oldrel-windows-ix86+x86_64 1.0.1 5.00 45.00 50.00 NOTE
r-oldrel-osx-x86_64 1.0.1 NOTE

Check Details

Version: 1.0.1
Check: DESCRIPTION meta-information
Result: NOTE
    Malformed Description field: should contain one or more complete sentences.
Flavors: r-devel-linux-x86_64-debian-clang, r-devel-linux-x86_64-debian-gcc, r-devel-linux-x86_64-fedora-clang, r-devel-linux-x86_64-fedora-gcc, r-devel-windows-ix86+x86_64, r-devel-windows-ix86+x86_64-gcc8, r-patched-linux-x86_64, r-patched-solaris-x86, r-release-linux-x86_64, r-release-windows-ix86+x86_64, r-release-osx-x86_64, r-oldrel-windows-ix86+x86_64, r-oldrel-osx-x86_64

Version: 1.0.1
Check: R code for possible problems
Result: NOTE
    get_ClinicalCodes: no visible global function definition for 'read.csv'
    get_ClinicalCodes : <anonymous>: no visible global function definition
     for 'read.csv'
    Undefined global functions or variables:
     read.csv
    Consider adding
     importFrom("utils", "read.csv")
    to your NAMESPACE file.
Flavors: r-devel-linux-x86_64-debian-clang, r-devel-linux-x86_64-debian-gcc, r-devel-linux-x86_64-fedora-clang, r-devel-linux-x86_64-fedora-gcc, r-devel-windows-ix86+x86_64, r-devel-windows-ix86+x86_64-gcc8, r-patched-linux-x86_64, r-patched-solaris-x86, r-release-linux-x86_64, r-release-windows-ix86+x86_64, r-release-osx-x86_64, r-oldrel-windows-ix86+x86_64, r-oldrel-osx-x86_64