CRAN Package Check Results for Package rCMA

Last updated on 2019-07-22 06:47:46 CEST.

Flavor Version Tinstall Tcheck Ttotal Status Flags
r-devel-linux-x86_64-debian-clang 1.1 1.69 25.04 26.73 NOTE
r-devel-linux-x86_64-debian-gcc 1.1 1.32 20.10 21.42 NOTE
r-devel-linux-x86_64-fedora-clang 1.1 32.23 NOTE
r-devel-linux-x86_64-fedora-gcc 1.1 33.14 NOTE
r-devel-windows-ix86+x86_64 1.1 5.00 48.00 53.00 NOTE
r-patched-linux-x86_64 1.1 1.71 24.73 26.44 NOTE
r-patched-solaris-x86 1.1 48.40 NOTE
r-release-linux-x86_64 1.1 1.68 24.98 26.66 NOTE
r-release-windows-ix86+x86_64 1.1 5.00 48.00 53.00 NOTE
r-release-osx-x86_64 1.1 NOTE
r-oldrel-windows-ix86+x86_64 1.1 3.00 36.00 39.00 NOTE
r-oldrel-osx-x86_64 1.1 NOTE

Check Details

Version: 1.1
Check: R code for possible problems
Result: NOTE
    cmaOptimDP: no visible global function definition for 'flush.console'
    Undefined global functions or variables:
     flush.console
    Consider adding
     importFrom("utils", "flush.console")
    to your NAMESPACE file.
Flavors: r-devel-linux-x86_64-debian-clang, r-devel-linux-x86_64-debian-gcc, r-devel-linux-x86_64-fedora-clang, r-devel-linux-x86_64-fedora-gcc, r-devel-windows-ix86+x86_64, r-patched-linux-x86_64, r-patched-solaris-x86, r-release-linux-x86_64, r-release-windows-ix86+x86_64, r-release-osx-x86_64, r-oldrel-windows-ix86+x86_64, r-oldrel-osx-x86_64

Version: 1.1
Check: for non-standard things in the check directory
Result: NOTE
    Found the following files/directories:
     'outcmaesdisp.dat'
Flavors: r-devel-linux-x86_64-debian-clang, r-devel-linux-x86_64-debian-gcc, r-devel-linux-x86_64-fedora-clang, r-devel-linux-x86_64-fedora-gcc