CRAN Package Check Results for Package rCMA

Last updated on 2019-11-10 23:48:38 CET.

Flavor Version Tinstall Tcheck Ttotal Status Flags
r-devel-linux-x86_64-debian-clang 1.1 1.91 25.06 26.97 NOTE
r-devel-linux-x86_64-debian-gcc 1.1 1.60 19.72 21.32 NOTE
r-devel-linux-x86_64-fedora-clang 1.1 32.87 NOTE
r-devel-linux-x86_64-fedora-gcc 1.1 33.41 NOTE
r-devel-windows-ix86+x86_64 1.1 6.00 38.00 44.00 NOTE
r-patched-linux-x86_64 1.1 1.54 24.36 25.90 NOTE
r-patched-solaris-x86 1.1 44.60 NOTE
r-release-linux-x86_64 1.1 1.65 24.45 26.10 NOTE
r-release-windows-ix86+x86_64 1.1 5.00 48.00 53.00 NOTE
r-release-osx-x86_64 1.1 NOTE
r-oldrel-windows-ix86+x86_64 1.1 3.00 36.00 39.00 NOTE
r-oldrel-osx-x86_64 1.1 NOTE

Check Details

Version: 1.1
Check: R code for possible problems
Result: NOTE
    cmaOptimDP: no visible global function definition for 'flush.console'
    Undefined global functions or variables:
     flush.console
    Consider adding
     importFrom("utils", "flush.console")
    to your NAMESPACE file.
Flavors: r-devel-linux-x86_64-debian-clang, r-devel-linux-x86_64-debian-gcc, r-devel-linux-x86_64-fedora-clang, r-devel-linux-x86_64-fedora-gcc, r-devel-windows-ix86+x86_64, r-patched-linux-x86_64, r-patched-solaris-x86, r-release-linux-x86_64, r-release-windows-ix86+x86_64, r-release-osx-x86_64, r-oldrel-windows-ix86+x86_64, r-oldrel-osx-x86_64

Version: 1.1
Check: for non-standard things in the check directory
Result: NOTE
    Found the following files/directories:
     'outcmaesdisp.dat'
Flavors: r-devel-linux-x86_64-debian-clang, r-devel-linux-x86_64-debian-gcc, r-devel-linux-x86_64-fedora-clang, r-devel-linux-x86_64-fedora-gcc