Last updated on 2019-12-08 23:47:35 CET.
Flavor | Version | Tinstall | Tcheck | Ttotal | Status | Flags |
---|---|---|---|---|---|---|
r-devel-linux-x86_64-debian-clang | 0.1.4 | 11.53 | 96.40 | 107.93 | NOTE | |
r-devel-linux-x86_64-debian-gcc | 0.1.4 | 9.98 | 75.63 | 85.61 | NOTE | |
r-devel-linux-x86_64-fedora-clang | 0.1.4 | 127.03 | NOTE | |||
r-devel-linux-x86_64-fedora-gcc | 0.1.4 | 119.28 | NOTE | |||
r-devel-windows-ix86+x86_64 | 0.1.4 | 25.00 | 170.00 | 195.00 | NOTE | |
r-devel-windows-ix86+x86_64-gcc8 | 0.1.4 | 24.00 | 172.00 | 196.00 | NOTE | |
r-patched-linux-x86_64 | 0.1.4 | 10.96 | 83.50 | 94.46 | NOTE | |
r-patched-solaris-x86 | 0.1.4 | 190.60 | NOTE | |||
r-release-linux-x86_64 | 0.1.4 | 10.10 | 84.42 | 94.52 | NOTE | |
r-release-windows-ix86+x86_64 | 0.1.4 | 32.00 | 116.00 | 148.00 | NOTE | |
r-release-osx-x86_64 | 0.1.4 | NOTE | ||||
r-oldrel-windows-ix86+x86_64 | 0.1.4 | 17.00 | 119.00 | 136.00 | NOTE | |
r-oldrel-osx-x86_64 | 0.1.4 | NOTE |
Version: 0.1.4
Check: R code for possible problems
Result: NOTE
.avisApiBusAvanzada: no visible global function definition for
'read.csv'
.avisRenderMapAdmin: no visible global function definition for 'points'
.avisRenderMapAdmin: no visible global function definition for 'rect'
.avisRenderMapPhysical: no visible global function definition for
'points'
avisMap: no visible global function definition for 'par'
avisMap: no visible global function definition for 'layout'
Undefined global functions or variables:
layout par points read.csv rect
Consider adding
importFrom("graphics", "layout", "par", "points", "rect")
importFrom("utils", "read.csv")
to your NAMESPACE file.
Flavors: r-devel-linux-x86_64-debian-clang, r-devel-linux-x86_64-debian-gcc, r-devel-linux-x86_64-fedora-clang, r-devel-linux-x86_64-fedora-gcc, r-devel-windows-ix86+x86_64, r-devel-windows-ix86+x86_64-gcc8, r-patched-linux-x86_64, r-patched-solaris-x86, r-release-linux-x86_64, r-release-windows-ix86+x86_64, r-release-osx-x86_64, r-oldrel-windows-ix86+x86_64, r-oldrel-osx-x86_64