CRAN Package Check Results for Package r6extended

Last updated on 2021-04-22 23:49:51 CEST.

Flavor Version Tinstall Tcheck Ttotal Status Flags
r-devel-linux-x86_64-debian-clang 0.1.2 3.08 22.77 25.85 NOTE
r-devel-linux-x86_64-debian-gcc 0.1.2 2.26 18.13 20.39 NOTE
r-devel-linux-x86_64-fedora-clang 0.1.2 41.13 NOTE
r-devel-linux-x86_64-fedora-gcc 0.1.2 31.10 NOTE
r-devel-windows-ix86+x86_64 0.1.2 6.00 39.00 45.00 NOTE
r-devel-windows-x86_64-gcc10-UCRT 0.1.2 NOTE
r-patched-linux-x86_64 0.1.2 4.26 22.09 26.35 OK
r-patched-solaris-x86 0.1.2 49.80 OK
r-release-linux-x86_64 0.1.2 2.77 22.08 24.85 OK
r-release-macos-x86_64 0.1.2 OK
r-release-windows-ix86+x86_64 0.1.2 6.00 45.00 51.00 OK
r-oldrel-macos-x86_64 0.1.2 OK
r-oldrel-windows-ix86+x86_64 0.1.2 4.00 36.00 40.00 OK

Check Details

Version: 0.1.2
Check: LazyData
Result: NOTE
     'LazyData' is specified without a 'data' directory
Flavors: r-devel-linux-x86_64-debian-clang, r-devel-linux-x86_64-debian-gcc, r-devel-linux-x86_64-fedora-clang, r-devel-linux-x86_64-fedora-gcc, r-devel-windows-ix86+x86_64, r-devel-windows-x86_64-gcc10-UCRT