CRAN Package Check Results for Package r4ds.tutorials

Last updated on 2024-06-13 00:55:28 CEST.

Flavor Version Tinstall Tcheck Ttotal Status Flags
r-devel-linux-x86_64-debian-clang 0.2.0 3.62 45.58 49.20 OK
r-devel-linux-x86_64-debian-gcc 0.2.0 0.56 1.67 2.23 ERROR
r-devel-linux-x86_64-fedora-clang 0.2.0 56.64 OK
r-devel-linux-x86_64-fedora-gcc 0.2.0 58.97 OK
r-devel-windows-x86_64 0.2.0 4.00 57.00 61.00 OK
r-patched-linux-x86_64 0.2.0 2.40 44.07 46.47 OK
r-release-linux-x86_64 0.2.0 2.32 42.86 45.18 OK
r-release-macos-arm64 0.2.0 29.00 OK
r-release-macos-x86_64 0.2.0 37.00 OK
r-release-windows-x86_64 0.2.0 5.00 60.00 65.00 OK
r-oldrel-macos-arm64 0.2.0 28.00 OK
r-oldrel-macos-x86_64 0.2.0 50.00 OK
r-oldrel-windows-x86_64 0.2.0 6.00 65.00 71.00 OK

Check Details

Version: 0.2.0
Check: package dependencies
Result: ERROR Package required but not available: ‘tutorial.helpers’ Packages suggested but not available for checking: 'arrow', 'babynames', 'dbplyr', 'dplyr', 'gghighlight', 'ggrepel', 'ggridges', 'ggthemes', 'janitor', 'nycflights13', 'patchwork', 'readxl', 'repurrrsive', 'rvest', 'socviz', 'testthat', 'tidymodels', 'tidyverse', 'usethis', 'Lahman', 'RPostgres', 'RSQLite' See section ‘The DESCRIPTION file’ in the ‘Writing R Extensions’ manual. Flavor: r-devel-linux-x86_64-debian-gcc