Last updated on 2023-04-02 00:57:46 CEST.
Flavor | Version | Tinstall | Tcheck | Ttotal | Status | Flags |
---|---|---|---|---|---|---|
r-devel-linux-x86_64-debian-clang | 0.1.2 | 5.74 | 77.99 | 83.73 | OK | |
r-devel-linux-x86_64-debian-gcc | 0.1.2 | 5.23 | 58.12 | 63.35 | OK | |
r-devel-linux-x86_64-fedora-clang | 0.1.2 | 99.86 | NOTE | |||
r-devel-linux-x86_64-fedora-gcc | 0.1.2 | 109.09 | OK | |||
r-devel-windows-x86_64 | 0.1.2 | 21.00 | 154.00 | 175.00 | NOTE | |
r-patched-linux-x86_64 | 0.1.2 | 6.90 | 73.76 | 80.66 | OK | |
r-release-linux-x86_64 | 0.1.2 | 5.10 | 71.50 | 76.60 | OK | |
r-release-macos-arm64 | 0.1.2 | 41.00 | NOTE | |||
r-release-macos-x86_64 | 0.1.2 | 58.00 | NOTE | |||
r-release-windows-x86_64 | 0.1.2 | 52.00 | 149.00 | 201.00 | NOTE | |
r-oldrel-macos-arm64 | 0.1.2 | 120.00 | NOTE | |||
r-oldrel-macos-x86_64 | 0.1.2 | 64.00 | NOTE | |||
r-oldrel-windows-ix86+x86_64 | 0.1.2 | 15.00 | 107.00 | 122.00 | NOTE |
Version: 0.1.2
Check: installed package size
Result: NOTE
installed size is 11.6Mb
sub-directories of 1Mb or more:
doc 9.9Mb
Flavors: r-devel-linux-x86_64-fedora-clang, r-devel-windows-x86_64, r-release-macos-arm64, r-release-macos-x86_64, r-release-windows-x86_64, r-oldrel-macos-arm64, r-oldrel-macos-x86_64, r-oldrel-windows-ix86+x86_64