CRAN Package Check Results for Package r2sundials

Last updated on 2022-12-04 23:53:42 CET.

Flavor Version Tinstall Tcheck Ttotal Status Flags
r-devel-linux-x86_64-debian-clang 5.0.0-10 68.18 184.97 253.15 WARN
r-devel-linux-x86_64-debian-gcc 5.0.0-10 58.52 130.38 188.90 WARN
r-devel-linux-x86_64-fedora-clang 5.0.0-10 349.13 WARN
r-devel-linux-x86_64-fedora-gcc 5.0.0-10 310.00 WARN
r-devel-windows-x86_64 5.0.0-10 128.00 250.00 378.00 OK
r-patched-linux-x86_64 5.0.0-10 62.31 162.11 224.42 OK
r-release-linux-x86_64 5.0.0-10 59.07 162.92 221.99 OK
r-release-macos-arm64 5.0.0-10 75.00 NOTE
r-release-macos-x86_64 5.0.0-10 95.00 NOTE
r-release-windows-x86_64 5.0.0-10 128.00 232.00 360.00 OK
r-oldrel-macos-arm64 5.0.0-10 86.00 NOTE
r-oldrel-macos-x86_64 5.0.0-10 126.00 NOTE
r-oldrel-windows-ix86+x86_64 5.0.0-10 185.00 382.00 567.00 OK

Check Details

Version: 5.0.0-10
Check: whether package can be installed
Result: WARN
    Found the following significant warnings:
     ../inst/include/sundials/sundials_nvector.h:163:37: warning: a function declaration without a prototype is deprecated in all versions of C [-Wstrict-prototypes]
     ../inst/include/sundials/sundials_nonlinearsolver.h:131:56: warning: a function declaration without a prototype is deprecated in all versions of C [-Wstrict-prototypes]
     ../inst/include/sundials/sundials_matrix.h:105:41: warning: a function declaration without a prototype is deprecated in all versions of C [-Wstrict-prototypes]
     ../inst/include/sundials/sundials_linearsolver.h:137:50: warning: a function declaration without a prototype is deprecated in all versions of C [-Wstrict-prototypes]
     lib/sundials/sundials_nonlinearsolver.c:26:40: warning: a function declaration without a prototype is deprecated in all versions of C [-Wstrict-prototypes]
     lib/sundials/sundials_matrix.c:29:25: warning: a function declaration without a prototype is deprecated in all versions of C [-Wstrict-prototypes]
     lib/sundials/sundials_nvector.c:28:21: warning: a function declaration without a prototype is deprecated in all versions of C [-Wstrict-prototypes]
     lib/sundials/sundials_linearsolver.c:28:34: warning: a function declaration without a prototype is deprecated in all versions of C [-Wstrict-prototypes]
Flavors: r-devel-linux-x86_64-debian-clang, r-devel-linux-x86_64-fedora-clang

Version: 5.0.0-10
Check: whether package can be installed
Result: WARN
    Found the following significant warnings:
     ../inst/include/sundials/sundials_nvector.h:163:1: warning: function declaration isn’t a prototype [-Wstrict-prototypes]
     ../inst/include/sundials/sundials_nonlinearsolver.h:131:1: warning: function declaration isn’t a prototype [-Wstrict-prototypes]
     ../inst/include/sundials/sundials_matrix.h:105:1: warning: function declaration isn’t a prototype [-Wstrict-prototypes]
     ../inst/include/sundials/sundials_linearsolver.h:137:1: warning: function declaration isn’t a prototype [-Wstrict-prototypes]
     lib/sundials/sundials_nonlinearsolver.c:26:20: warning: function declaration isn’t a prototype [-Wstrict-prototypes]
     lib/sundials/sundials_matrix.c:29:11: warning: function declaration isn’t a prototype [-Wstrict-prototypes]
     lib/sundials/sundials_nvector.c:28:10: warning: function declaration isn’t a prototype [-Wstrict-prototypes]
     lib/sundials/sundials_linearsolver.c:28:17: warning: function declaration isn’t a prototype [-Wstrict-prototypes]
Flavors: r-devel-linux-x86_64-debian-gcc, r-devel-linux-x86_64-fedora-gcc

Version: 5.0.0-10
Check: installed package size
Result: NOTE
     installed size is 6.4Mb
     sub-directories of 1Mb or more:
     libs 4.6Mb
Flavors: r-release-macos-arm64, r-release-macos-x86_64, r-oldrel-macos-arm64, r-oldrel-macos-x86_64