Last updated on 2023-09-21 00:56:40 CEST.
Flavor | Version | Tinstall | Tcheck | Ttotal | Status | Flags |
---|---|---|---|---|---|---|
r-devel-linux-x86_64-debian-clang | 6.5.0-3 | 81.64 | 194.03 | 275.67 | OK | |
r-devel-linux-x86_64-debian-gcc | 6.5.0-3 | 58.12 | 119.39 | 177.51 | OK | |
r-devel-linux-x86_64-fedora-clang | 6.5.0-3 | 349.73 | OK | |||
r-devel-linux-x86_64-fedora-gcc | 6.5.0-3 | 380.99 | OK | |||
r-devel-windows-x86_64 | 6.5.0-3 | 66.00 | 184.00 | 250.00 | OK | |
r-patched-linux-x86_64 | 6.5.0-3 | 78.82 | 187.09 | 265.91 | OK | |
r-release-linux-x86_64 | 6.5.0-3 | 68.51 | 186.79 | 255.30 | OK | |
r-release-macos-arm64 | 6.5.0-3 | 82.00 | NOTE | |||
r-release-macos-x86_64 | 6.5.0-3 | 152.00 | NOTE | |||
r-release-windows-x86_64 | 6.5.0-3 | 86.00 | 215.00 | 301.00 | OK | |
r-oldrel-macos-arm64 | 6.5.0-3 | 77.00 | NOTE | |||
r-oldrel-macos-x86_64 | 6.5.0-3 | 100.00 | NOTE | |||
r-oldrel-windows-x86_64 | 6.5.0-3 | 83.00 | 198.00 | 281.00 | OK |
Version: 6.5.0-3
Check: installed package size
Result: NOTE
installed size is 7.7Mb
sub-directories of 1Mb or more:
libs 4.9Mb
Flavors: r-release-macos-arm64, r-release-macos-x86_64, r-oldrel-macos-arm64, r-oldrel-macos-x86_64