CRAN Package Check Results for Package r2mlm

Last updated on 2022-01-24 23:54:38 CET.

Flavor Version Tinstall Tcheck Ttotal Status Flags
r-devel-linux-x86_64-debian-clang 0.3.1 14.14 134.88 149.02 OK
r-devel-linux-x86_64-debian-gcc 0.3.1 11.67 102.03 113.70 OK
r-devel-linux-x86_64-fedora-clang 0.3.1 183.60 OK
r-devel-linux-x86_64-fedora-gcc 0.3.1 176.76 OK
r-devel-windows-x86_64-new-UL 0.3.1 21.00 144.00 165.00 OK
r-devel-windows-x86_64-new-TK 0.3.1 ERROR
r-patched-linux-x86_64 0.3.1 12.21 129.09 141.30 OK
r-release-linux-x86_64 0.3.1 9.40 127.71 137.11 OK
r-release-macos-arm64 0.3.1 OK
r-release-macos-x86_64 0.3.1 OK
r-release-windows-ix86+x86_64 0.3.1 32.00 154.00 186.00 OK
r-oldrel-macos-x86_64 0.3.1 OK
r-oldrel-windows-ix86+x86_64 0.3.1 32.00 151.00 183.00 OK

Check Details

Version: 0.3.1
Check: package dependencies
Result: ERROR
    Packages required but not available: 'lme4', 'rockchalk'
    
    See section 'The DESCRIPTION file' in the 'Writing R Extensions'
    manual.
Flavor: r-devel-windows-x86_64-new-TK