CRAN Package Check Results for Package quantoptr

Last updated on 2022-05-17 23:56:43 CEST.

Flavor Version Tinstall Tcheck Ttotal Status Flags
r-devel-linux-x86_64-debian-clang 0.1.3 9.51 104.48 113.99 NOTE
r-devel-linux-x86_64-debian-gcc 0.1.3 8.51 77.83 86.34 NOTE
r-devel-linux-x86_64-fedora-clang 0.1.3 132.74 NOTE
r-devel-linux-x86_64-fedora-gcc 0.1.3 132.67 NOTE
r-devel-windows-x86_64 0.1.3 25.00 117.00 142.00 NOTE
r-patched-linux-x86_64 0.1.3 10.68 97.68 108.36 NOTE
r-release-linux-x86_64 0.1.3 8.62 98.76 107.38 NOTE
r-release-macos-arm64 0.1.3 56.00 NOTE
r-release-macos-x86_64 0.1.3 55.00 NOTE
r-release-windows-x86_64 0.1.3 25.00 114.00 139.00 NOTE
r-oldrel-macos-arm64 0.1.3 47.00 NOTE
r-oldrel-macos-x86_64 0.1.3 80.00 NOTE
r-oldrel-windows-ix86+x86_64 0.1.3 21.00 107.00 128.00 NOTE

Check Details

Version: 0.1.3
Check: LazyData
Result: NOTE
     'LazyData' is specified without a 'data' directory
Flavors: r-devel-linux-x86_64-debian-clang, r-devel-linux-x86_64-debian-gcc, r-devel-linux-x86_64-fedora-clang, r-devel-linux-x86_64-fedora-gcc, r-devel-windows-x86_64, r-patched-linux-x86_64, r-release-linux-x86_64, r-release-macos-arm64, r-release-macos-x86_64, r-release-windows-x86_64, r-oldrel-macos-arm64, r-oldrel-macos-x86_64, r-oldrel-windows-ix86+x86_64