CRAN Package Check Results for Package quantkriging

Last updated on 2022-01-21 23:48:57 CET.

Flavor Version Tinstall Tcheck Ttotal Status Flags
r-devel-linux-x86_64-debian-clang 0.1.0 2.75 71.60 74.35 NOTE
r-devel-linux-x86_64-debian-gcc 0.1.0 2.14 52.94 55.08 NOTE
r-devel-linux-x86_64-fedora-clang 0.1.0 89.62 NOTE
r-devel-linux-x86_64-fedora-gcc 0.1.0 78.51 NOTE
r-devel-windows-x86_64-new-UL 0.1.0 26.00 90.00 116.00 NOTE
r-devel-windows-x86_64-new-TK 0.1.0 NOTE
r-patched-linux-x86_64 0.1.0 3.42 67.15 70.57 NOTE
r-release-linux-x86_64 0.1.0 3.30 67.44 70.74 NOTE
r-release-macos-arm64 0.1.0 NOTE
r-release-macos-x86_64 0.1.0 NOTE
r-release-windows-ix86+x86_64 0.1.0 10.00 82.00 92.00 NOTE
r-oldrel-macos-x86_64 0.1.0 OK
r-oldrel-windows-ix86+x86_64 0.1.0 7.00 82.00 89.00 OK

Check Details

Version: 0.1.0
Check: LazyData
Result: NOTE
     'LazyData' is specified without a 'data' directory
Flavors: r-devel-linux-x86_64-debian-clang, r-devel-linux-x86_64-debian-gcc, r-devel-linux-x86_64-fedora-clang, r-devel-linux-x86_64-fedora-gcc, r-devel-windows-x86_64-new-UL, r-devel-windows-x86_64-new-TK, r-patched-linux-x86_64, r-release-linux-x86_64, r-release-macos-arm64, r-release-macos-x86_64, r-release-windows-ix86+x86_64