Last updated on 2021-04-21 23:48:13 CEST.
Flavor | Version | Tinstall | Tcheck | Ttotal | Status | Flags |
---|---|---|---|---|---|---|
r-devel-linux-x86_64-debian-clang | 1.5.4 | 23.69 | 204.82 | 228.51 | OK | |
r-devel-linux-x86_64-debian-gcc | 1.5.4 | 20.83 | 150.64 | 171.47 | OK | |
r-devel-linux-x86_64-fedora-clang | 1.5.4 | 277.91 | OK | |||
r-devel-linux-x86_64-fedora-gcc | 1.5.4 | 265.29 | OK | |||
r-devel-windows-ix86+x86_64 | 1.5.4 | 54.00 | 241.00 | 295.00 | OK | |
r-devel-windows-x86_64-gcc10-UCRT | 1.5.4 | OK | ||||
r-patched-linux-x86_64 | 1.5.4 | 22.10 | 183.60 | 205.70 | WARN | |
r-patched-solaris-x86 | 1.5.4 | 381.00 | OK | |||
r-release-linux-x86_64 | 1.5.4 | 24.16 | 185.66 | 209.82 | OK | |
r-release-macos-x86_64 | 1.5.4 | OK | ||||
r-release-windows-ix86+x86_64 | 1.5.4 | 53.00 | 187.00 | 240.00 | OK | |
r-oldrel-macos-x86_64 | 1.5.4 | OK | ||||
r-oldrel-windows-ix86+x86_64 | 1.5.4 | 50.00 | 222.00 | 272.00 | OK |
Version: 1.5.4
Check: whether package can be installed
Result: WARN
Found the following significant warnings:
Rd warning: /tmp/RtmpCE8ybe/R.INSTALL4086ed2f2a1/qtlnet/man/igraph.Rd:50: file link ‘graph.data.frame’ in package ‘igraph’ does not exist and so has been treated as a topic
Rd warning: /tmp/RtmpCE8ybe/R.INSTALL4086ed2f2a1/qtlnet/man/igraph.Rd:66: file link ‘graph.data.frame’ in package ‘igraph’ does not exist and so has been treated as a topic
Flavor: r-patched-linux-x86_64