Last updated on 2022-07-04 23:53:32 CEST.
Flavor | Version | Tinstall | Tcheck | Ttotal | Status | Flags |
---|---|---|---|---|---|---|
r-devel-linux-x86_64-debian-clang | 1.50 | 81.81 | 395.85 | 477.66 | OK | |
r-devel-linux-x86_64-debian-gcc | 1.50 | 67.55 | 289.37 | 356.92 | OK | |
r-devel-linux-x86_64-fedora-clang | 1.50 | 583.83 | NOTE | |||
r-devel-linux-x86_64-fedora-gcc | 1.50 | 583.92 | OK | |||
r-devel-windows-x86_64 | 1.50 | 286.00 | 447.00 | 733.00 | NOTE | |
r-patched-linux-x86_64 | 1.50 | 83.78 | 378.10 | 461.88 | OK | |
r-release-linux-x86_64 | 1.50 | 79.93 | 373.04 | 452.97 | OK | |
r-release-macos-arm64 | 1.50 | 137.00 | NOTE | |||
r-release-macos-x86_64 | 1.50 | 198.00 | NOTE | |||
r-release-windows-x86_64 | 1.50 | 332.00 | 420.00 | 752.00 | NOTE | |
r-oldrel-macos-arm64 | 1.50 | 151.00 | NOTE | |||
r-oldrel-macos-x86_64 | 1.50 | 192.00 | NOTE | |||
r-oldrel-windows-ix86+x86_64 | 1.50 | 184.00 | 598.00 | 782.00 | NOTE |
Version: 1.50
Check: installed package size
Result: NOTE
installed size is 11.4Mb
sub-directories of 1Mb or more:
R 1.7Mb
contrib 3.8Mb
doc 3.0Mb
libs 1.4Mb
Flavors: r-devel-linux-x86_64-fedora-clang, r-devel-windows-x86_64, r-release-macos-arm64, r-release-macos-x86_64, r-release-windows-x86_64, r-oldrel-macos-arm64, r-oldrel-macos-x86_64, r-oldrel-windows-ix86+x86_64