CRAN Package Check Results for Package qsort

Last updated on 2022-12-04 23:53:42 CET.

Flavor Version Tinstall Tcheck Ttotal Status Flags
r-devel-linux-x86_64-debian-clang 0.2.3 5.82 58.28 64.10 OK
r-devel-linux-x86_64-debian-gcc 0.2.3 4.07 43.49 47.56 OK
r-devel-linux-x86_64-fedora-clang 0.2.3 87.85 NOTE
r-devel-linux-x86_64-fedora-gcc 0.2.3 85.62 NOTE
r-devel-windows-x86_64 0.2.3 13.00 87.00 100.00 OK
r-patched-linux-x86_64 0.2.3 4.38 55.04 59.42 OK
r-release-linux-x86_64 0.2.3 5.02 55.52 60.54 OK
r-release-macos-arm64 0.2.3 27.00 NOTE
r-release-macos-x86_64 0.2.3 49.00 NOTE
r-release-windows-x86_64 0.2.3 15.00 91.00 106.00 OK
r-oldrel-macos-arm64 0.2.3 28.00 NOTE
r-oldrel-macos-x86_64 0.2.3 39.00 NOTE
r-oldrel-windows-ix86+x86_64 0.2.3 15.00 81.00 96.00 OK

Check Details

Version: 0.2.3
Check: data for non-ASCII characters
Result: NOTE
     Note: found 6 marked UTF-8 strings
Flavors: r-devel-linux-x86_64-fedora-clang, r-devel-linux-x86_64-fedora-gcc, r-release-macos-arm64, r-release-macos-x86_64, r-oldrel-macos-arm64, r-oldrel-macos-x86_64