CRAN Package Check Results for Package qrLMM

Last updated on 2019-10-20 23:47:34 CEST.

Flavor Version Tinstall Tcheck Ttotal Status Flags
r-devel-linux-x86_64-debian-clang 1.3 11.18 72.11 83.29 OK
r-devel-linux-x86_64-debian-gcc 1.3 7.95 57.80 65.75 OK
r-devel-linux-x86_64-fedora-clang 1.3 100.58 OK
r-devel-linux-x86_64-fedora-gcc 1.3 104.18 OK
r-devel-windows-ix86+x86_64 1.3 19.00 116.00 135.00 OK
r-patched-linux-x86_64 1.3 10.77 69.61 80.38 OK
r-patched-solaris-x86 1.3 164.10 OK
r-release-linux-x86_64 1.3 9.68 72.32 82.00 OK
r-release-windows-ix86+x86_64 1.3 22.00 74.00 96.00 OK
r-release-osx-x86_64 1.3 FAIL
r-oldrel-windows-ix86+x86_64 1.3 9.00 68.00 77.00 OK
r-oldrel-osx-x86_64 1.3 OK

Check Details

Version: 1.3
Check: whether package can be installed
Result: FAIL
    
Flavor: r-release-osx-x86_64