CRAN Package Check Results for Package qmethod

Last updated on 2021-04-21 23:48:13 CEST.

Flavor Version Tinstall Tcheck Ttotal Status Flags
r-devel-linux-x86_64-debian-clang 1.8 6.58 66.38 72.96 OK
r-devel-linux-x86_64-debian-gcc 1.8 5.73 50.13 55.86 OK
r-devel-linux-x86_64-fedora-clang 1.8 97.88 OK
r-devel-linux-x86_64-fedora-gcc 1.8 86.60 OK
r-devel-windows-ix86+x86_64 1.8 16.00 94.00 110.00 OK
r-devel-windows-x86_64-gcc10-UCRT 1.8 OK
r-patched-linux-x86_64 1.8 8.27 62.63 70.90 WARN
r-patched-solaris-x86 1.8 119.50 OK
r-release-linux-x86_64 1.8 7.30 63.34 70.64 OK
r-release-macos-x86_64 1.8 OK
r-release-windows-ix86+x86_64 1.8 16.00 98.00 114.00 OK
r-oldrel-macos-x86_64 1.8 OK
r-oldrel-windows-ix86+x86_64 1.8 38.00 86.00 124.00 OK

Check Details

Version: 1.8
Check: whether package can be installed
Result: WARN
    Found the following significant warnings:
     Rd warning: /tmp/Rtmp4KDlM0/R.INSTALL671a24837b1d/qmethod/man/import.easyhtmlq.Rd:9: file link ‘read.csv2’ in package ‘utils’ does not exist and so has been treated as a topic
     Rd warning: /tmp/Rtmp4KDlM0/R.INSTALL671a24837b1d/qmethod/man/import.htmlq.Rd:9: file link ‘read.csv2’ in package ‘utils’ does not exist and so has been treated as a topic
     Rd warning: /tmp/Rtmp4KDlM0/R.INSTALL671a24837b1d/qmethod/man/plot.QmethodRes.Rd:18: file link ‘rainbow’ in package ‘grDevices’ does not exist and so has been treated as a topic
     Rd warning: /tmp/Rtmp4KDlM0/R.INSTALL671a24837b1d/qmethod/man/plot.QmethodRes.Rd:27: file link ‘plot’ in package ‘graphics’ does not exist and so has been treated as a topic
Flavor: r-patched-linux-x86_64