CRAN Package Check Results for Package qmethod

Last updated on 2019-08-11 23:47:37 CEST.

Flavor Version Tinstall Tcheck Ttotal Status Flags
r-devel-linux-x86_64-debian-clang 1.5.4 4.38 47.12 51.50 NOTE
r-devel-linux-x86_64-debian-gcc 1.5.4 4.48 36.38 40.86 NOTE
r-devel-linux-x86_64-fedora-clang 1.5.4 60.76 NOTE
r-devel-linux-x86_64-fedora-gcc 1.5.4 58.22 NOTE
r-devel-windows-ix86+x86_64 1.5.4 14.00 80.00 94.00 OK
r-patched-linux-x86_64 1.5.4 4.05 45.71 49.76 OK
r-patched-solaris-x86 1.5.4 86.70 OK
r-release-linux-x86_64 1.5.4 4.57 45.71 50.28 OK
r-release-windows-ix86+x86_64 1.5.4 14.00 60.00 74.00 OK
r-release-osx-x86_64 1.5.4 OK
r-oldrel-windows-ix86+x86_64 1.5.4 10.00 74.00 84.00 OK
r-oldrel-osx-x86_64 1.5.4 OK

Check Details

Version: 1.5.4
Check: for non-standard things in the check directory
Result: NOTE
    Found the following files/directories:
     'QCards.tex' 'mystudy.dat' 'mystudy.sta'
Flavors: r-devel-linux-x86_64-debian-clang, r-devel-linux-x86_64-debian-gcc, r-devel-linux-x86_64-fedora-clang, r-devel-linux-x86_64-fedora-gcc