CRAN Package Check Results for Package qiitr

Last updated on 2022-11-29 22:53:44 CET.

Flavor Version Tinstall Tcheck Ttotal Status Flags
r-devel-linux-x86_64-debian-clang 0.1.1 1.94 26.48 28.42 NOTE
r-devel-linux-x86_64-debian-gcc 0.1.1 2.01 20.36 22.37 NOTE
r-devel-linux-x86_64-fedora-clang 0.1.1 46.26 NOTE
r-devel-linux-x86_64-fedora-gcc 0.1.1 44.13 NOTE
r-devel-windows-x86_64 0.1.1 11.00 53.00 64.00 NOTE
r-patched-linux-x86_64 0.1.1 1.70 24.53 26.23 NOTE
r-release-linux-x86_64 0.1.1 2.49 24.64 27.13 NOTE
r-release-macos-arm64 0.1.1 14.00 NOTE
r-release-macos-x86_64 0.1.1 22.00 NOTE
r-release-windows-x86_64 0.1.1 15.00 52.00 67.00 NOTE
r-oldrel-macos-arm64 0.1.1 20.00 NOTE
r-oldrel-macos-x86_64 0.1.1 29.00 NOTE
r-oldrel-windows-ix86+x86_64 0.1.1 6.00 48.00 54.00 NOTE

Check Details

Version: 0.1.1
Check: LazyData
Result: NOTE
     'LazyData' is specified without a 'data' directory
Flavors: r-devel-linux-x86_64-debian-clang, r-devel-linux-x86_64-debian-gcc, r-devel-linux-x86_64-fedora-clang, r-devel-linux-x86_64-fedora-gcc, r-devel-windows-x86_64, r-patched-linux-x86_64, r-release-linux-x86_64, r-release-macos-arm64, r-release-macos-x86_64, r-release-windows-x86_64, r-oldrel-macos-arm64, r-oldrel-macos-x86_64, r-oldrel-windows-ix86+x86_64