CRAN Package Check Results for Package qiimer

Last updated on 2019-12-08 23:47:35 CET.

Flavor Version Tinstall Tcheck Ttotal Status Flags
r-devel-linux-x86_64-debian-clang 0.9.4 2.57 31.78 34.35 ERROR
r-devel-linux-x86_64-debian-gcc 0.9.4 2.50 25.60 28.10 ERROR
r-devel-linux-x86_64-fedora-clang 0.9.4 42.97 ERROR
r-devel-linux-x86_64-fedora-gcc 0.9.4 40.06 ERROR
r-devel-windows-ix86+x86_64 0.9.4 6.00 67.00 73.00 NOTE
r-devel-windows-ix86+x86_64-gcc8 0.9.4 6.00 72.00 78.00 ERROR
r-patched-linux-x86_64 0.9.4 2.69 29.75 32.44 NOTE
r-patched-solaris-x86 0.9.4 59.40 NOTE
r-release-linux-x86_64 0.9.4 2.75 29.21 31.96 NOTE
r-release-windows-ix86+x86_64 0.9.4 10.00 45.00 55.00 NOTE
r-release-osx-x86_64 0.9.4 NOTE
r-oldrel-windows-ix86+x86_64 0.9.4 3.00 44.00 47.00 NOTE
r-oldrel-osx-x86_64 0.9.4 NOTE

Check Details

Version: 0.9.4
Check: package dependencies
Result: NOTE
    Package suggested but not available for checking: 'biom'
Flavors: r-devel-linux-x86_64-debian-clang, r-devel-linux-x86_64-debian-gcc, r-devel-linux-x86_64-fedora-clang, r-devel-linux-x86_64-fedora-gcc, r-devel-windows-ix86+x86_64, r-devel-windows-ix86+x86_64-gcc8, r-patched-linux-x86_64, r-patched-solaris-x86, r-release-linux-x86_64, r-release-windows-ix86+x86_64, r-release-osx-x86_64, r-oldrel-windows-ix86+x86_64, r-oldrel-osx-x86_64

Version: 0.9.4
Check: tests
Result: ERROR
     Running 'run-all.R' [2s/3s]
    Running the tests in 'tests/run-all.R' failed.
    Complete output:
     > library(testthat)
     > library(qiimer)
     >
     > test_package("qiimer")
     -- 1. Failure: last element of saturated rainbow is red (@test_otu_table.R#91)
     saturated_rainbow(20)[20] not equal to "#FF0000FF".
     1/1 mismatches
     x[1]: "#FF0000"
     y[1]: "#FF0000FF"
    
     == testthat results ===========================================================
     [ OK: 60 | SKIPPED: 0 | WARNINGS: 0 | FAILED: 1 ]
     1. Failure: last element of saturated rainbow is red (@test_otu_table.R#91)
    
     Error: testthat unit tests failed
     In addition: Warning message:
     Placing tests in `inst/tests` is deprecated. Please use `tests/testthat` instead
     Execution halted
Flavor: r-devel-linux-x86_64-debian-clang

Version: 0.9.4
Check: tests
Result: ERROR
     Running ‘run-all.R’ [2s/3s]
    Running the tests in ‘tests/run-all.R’ failed.
    Complete output:
     > library(testthat)
     > library(qiimer)
     >
     > test_package("qiimer")
     ── 1. Failure: last element of saturated rainbow is red (@test_otu_table.R#91)
     saturated_rainbow(20)[20] not equal to "#FF0000FF".
     1/1 mismatches
     x[1]: "#FF0000"
     y[1]: "#FF0000FF"
    
     ══ testthat results ═══════════════════════════════════════════════════════════
     [ OK: 60 | SKIPPED: 0 | WARNINGS: 0 | FAILED: 1 ]
     1. Failure: last element of saturated rainbow is red (@test_otu_table.R#91)
    
     Error: testthat unit tests failed
     In addition: Warning message:
     Placing tests in `inst/tests` is deprecated. Please use `tests/testthat` instead
     Execution halted
Flavor: r-devel-linux-x86_64-debian-gcc

Version: 0.9.4
Check: tests
Result: ERROR
     Running ‘run-all.R’
    Running the tests in ‘tests/run-all.R’ failed.
    Complete output:
     > library(testthat)
     > library(qiimer)
     >
     > test_package("qiimer")
     ── 1. Failure: last element of saturated rainbow is red (@test_otu_table.R#91)
     saturated_rainbow(20)[20] not equal to "#FF0000FF".
     1/1 mismatches
     x[1]: "#FF0000"
     y[1]: "#FF0000FF"
    
     ══ testthat results ═══════════════════════════════════════════════════════════
     [ OK: 60 | SKIPPED: 0 | WARNINGS: 0 | FAILED: 1 ]
     1. Failure: last element of saturated rainbow is red (@test_otu_table.R#91)
    
     Error: testthat unit tests failed
     In addition: Warning message:
     Placing tests in `inst/tests` is deprecated. Please use `tests/testthat` instead
     Execution halted
Flavors: r-devel-linux-x86_64-fedora-clang, r-devel-linux-x86_64-fedora-gcc

Version: 0.9.4
Check: tests
Result: ERROR
     Running 'run-all.R' [3s]
    Running the tests in 'tests/run-all.R' failed.
    Complete output:
     > library(testthat)
     > library(qiimer)
     >
     > test_package("qiimer")
     -- 1. Failure: last element of saturated rainbow is red (@test_otu_table.R#91)
     saturated_rainbow(20)[20] not equal to "#FF0000FF".
     1/1 mismatches
     x[1]: "#FF0000"
     y[1]: "#FF0000FF"
    
     == testthat results ===========================================================
     [ OK: 60 | SKIPPED: 0 | WARNINGS: 0 | FAILED: 1 ]
     1. Failure: last element of saturated rainbow is red (@test_otu_table.R#91)
    
     Error: testthat unit tests failed
     In addition: Warning message:
     Placing tests in `inst/tests` is deprecated. Please use `tests/testthat` instead
     Execution halted
Flavor: r-devel-windows-ix86+x86_64-gcc8