CRAN Package Check Results for Package qiimer

Last updated on 2019-08-18 23:47:42 CEST.

Flavor Version Tinstall Tcheck Ttotal Status Flags
r-devel-linux-x86_64-debian-clang 0.9.4 3.23 31.35 34.58 NOTE
r-devel-linux-x86_64-debian-gcc 0.9.4 2.65 25.60 28.25 NOTE
r-devel-linux-x86_64-fedora-clang 0.9.4 40.89 NOTE
r-devel-linux-x86_64-fedora-gcc 0.9.4 39.97 NOTE
r-devel-windows-ix86+x86_64 0.9.4 13.00 42.00 55.00 NOTE
r-patched-linux-x86_64 0.9.4 3.07 31.11 34.18 NOTE
r-patched-solaris-x86 0.9.4 66.10 NOTE
r-release-linux-x86_64 0.9.4 3.03 31.04 34.07 NOTE
r-release-windows-ix86+x86_64 0.9.4 6.00 50.00 56.00 NOTE
r-release-osx-x86_64 0.9.4 NOTE
r-oldrel-windows-ix86+x86_64 0.9.4 6.00 56.00 62.00 NOTE
r-oldrel-osx-x86_64 0.9.4 NOTE

Check Details

Version: 0.9.4
Check: package dependencies
Result: NOTE
    Package suggested but not available for checking: 'biom'
Flavors: r-devel-linux-x86_64-debian-clang, r-devel-linux-x86_64-debian-gcc, r-devel-linux-x86_64-fedora-clang, r-devel-linux-x86_64-fedora-gcc, r-devel-windows-ix86+x86_64, r-patched-linux-x86_64, r-patched-solaris-x86, r-release-linux-x86_64, r-release-windows-ix86+x86_64, r-release-osx-x86_64, r-oldrel-windows-ix86+x86_64, r-oldrel-osx-x86_64