CRAN Package Check Results for Package qgam

Last updated on 2019-03-19 02:50:10 CET.

Flavor Version Tinstall Tcheck Ttotal Status Flags
r-devel-linux-x86_64-debian-clang 1.2.3 12.25 436.65 448.90 OK
r-devel-linux-x86_64-debian-gcc 1.2.3 9.48 321.45 330.93 OK
r-devel-linux-x86_64-fedora-clang 1.2.3 549.32 OK
r-devel-linux-x86_64-fedora-gcc 1.2.3 521.25 OK
r-devel-windows-ix86+x86_64 1.2.3 31.00 581.00 612.00 OK
r-patched-linux-x86_64 1.2.3 8.32 416.80 425.12 OK
r-patched-solaris-x86 1.2.3 987.50 OK
r-release-linux-x86_64 1.2.3 8.42 418.35 426.77 OK
r-release-windows-ix86+x86_64 1.2.3 17.00 715.00 732.00 OK
r-release-osx-x86_64 1.2.3 OK
r-oldrel-windows-ix86+x86_64 1.2.3 11.00 6.00 17.00 ERROR
r-oldrel-osx-x86_64 1.2.3 OK

Check Details

Version: 1.2.3
Check: whether package can be installed
Result: ERROR
    Installation failed.
Flavor: r-oldrel-windows-ix86+x86_64