CRAN Package Check Results for Package qdap

Last updated on 2021-04-20 23:47:53 CEST.

Flavor Version Tinstall Tcheck Ttotal Status Flags
r-devel-linux-x86_64-debian-clang 2.4.3 41.16 261.74 302.90 OK
r-devel-linux-x86_64-debian-gcc 2.4.3 31.24 197.91 229.15 OK
r-devel-linux-x86_64-fedora-clang 2.4.3 370.02 NOTE
r-devel-linux-x86_64-fedora-gcc 2.4.3 358.99 OK
r-devel-windows-ix86+x86_64 2.4.3 56.00 217.00 273.00 OK
r-devel-windows-x86_64-gcc10-UCRT 2.4.3 OK
r-patched-linux-x86_64 2.4.3 41.13 238.62 279.75 WARN
r-patched-solaris-x86 2.4.3 453.60 OK
r-release-linux-x86_64 2.4.3 34.06 242.75 276.81 OK
r-release-macos-x86_64 2.4.3 OK
r-release-windows-ix86+x86_64 2.4.3 70.00 241.00 311.00 OK
r-oldrel-macos-x86_64 2.4.3 OK
r-oldrel-windows-ix86+x86_64 2.4.3 73.00 277.00 350.00 OK

Check Details

Version: 2.4.3
Check: Rd cross-references
Result: NOTE
    Undeclared package ‘gplots’ in Rd xrefs
Flavor: r-devel-linux-x86_64-fedora-clang

Version: 2.4.3
Check: whether package can be installed
Result: WARN
    Found the following significant warnings:
     Rd warning: /tmp/RtmpfyO10L/R.INSTALL6fc512c0ee62/qdap/man/Animate.formality.Rd:59: file link ‘na.omit’ in package ‘stats’ does not exist and so has been treated as a topic
     Rd warning: /tmp/RtmpfyO10L/R.INSTALL6fc512c0ee62/qdap/man/Animate.lexical_classification.Rd:67: file link ‘na.omit’ in package ‘stats’ does not exist and so has been treated as a topic
     Rd warning: /tmp/RtmpfyO10L/R.INSTALL6fc512c0ee62/qdap/man/Dissimilarity.Rd:35: file link ‘wfm’ in package ‘qdap’ does not exist and so has been treated as a topic
     Rd warning: /tmp/RtmpfyO10L/R.INSTALL6fc512c0ee62/qdap/man/Filter.Rd:98: file link ‘wfm’ in package ‘qdap’ does not exist and so has been treated as a topic
     Rd warning: /tmp/RtmpfyO10L/R.INSTALL6fc512c0ee62/qdap/man/Filter.Rd:111: file link ‘wfm’ in package ‘qdap’ does not exist and so has been treated as a topic
     Rd warning: /tmp/RtmpfyO10L/R.INSTALL6fc512c0ee62/qdap/man/Network.formality.Rd:41: file link ‘na.omit’ in package ‘stats’ does not exist and so has been treated as a topic
     Rd warning: /tmp/RtmpfyO10L/R.INSTALL6fc512c0ee62/qdap/man/Readability.Rd:75: file link ‘fry’ in package ‘qdap’ does not exist and so has been treated as a topic
     Rd warning: /tmp/RtmpfyO10L/R.INSTALL6fc512c0ee62/qdap/man/Search.Rd:82: file link ‘boolean_search’ in package ‘qdap’ does not exist and so has been treated as a topic
     Rd warning: /tmp/RtmpfyO10L/R.INSTALL6fc512c0ee62/qdap/man/Word_Frequency_Matrix.Rd:180: file link ‘wfm’ in package ‘qdap’ does not exist and so has been treated as a topic
     Rd warning: /tmp/RtmpfyO10L/R.INSTALL6fc512c0ee62/qdap/man/Word_Frequency_Matrix.Rd:124: file link ‘wfm’ in package ‘qdap’ does not exist and so has been treated as a topic
     Rd warning: /tmp/RtmpfyO10L/R.INSTALL6fc512c0ee62/qdap/man/Word_Frequency_Matrix.Rd:124: file link ‘wfdf’ in package ‘qdap’ does not exist and so has been treated as a topic
     Rd warning: /tmp/RtmpfyO10L/R.INSTALL6fc512c0ee62/qdap/man/Word_Frequency_Matrix.Rd:141: file link ‘TermDocumentMatrix’ in package ‘tm’ does not exist and so has been treated as a topic
     Rd warning: /tmp/RtmpfyO10L/R.INSTALL6fc512c0ee62/qdap/man/adjacency_matrix.Rd:14: file link ‘termco_d’ in package ‘qdap’ does not exist and so has been treated as a topic
     Rd warning: /tmp/RtmpfyO10L/R.INSTALL6fc512c0ee62/qdap/man/all_words.Rd:79: file link ‘term_match’ in package ‘qdap’ does not exist and so has been treated as a topic
     Rd warning: /tmp/RtmpfyO10L/R.INSTALL6fc512c0ee62/qdap/man/as.tdm.Rd:178: file link ‘wfm’ in package ‘qdap’ does not exist and so has been treated as a topic
     Rd warning: /tmp/RtmpfyO10L/R.INSTALL6fc512c0ee62/qdap/man/as.tdm.Rd:181: file link ‘wfm’ in package ‘qdap’ does not exist and so has been treated as a topic
     Rd warning: /tmp/RtmpfyO10L/R.INSTALL6fc512c0ee62/qdap/man/as.tdm.Rd:184: file link ‘wfm’ in package ‘qdap’ does not exist and so has been treated as a topic
     Rd warning: /tmp/RtmpfyO10L/R.INSTALL6fc512c0ee62/qdap/man/as.tdm.Rd:187: file link ‘wfm’ in package ‘qdap’ does not exist and so has been treated as a topic
     Rd warning: /tmp/RtmpfyO10L/R.INSTALL6fc512c0ee62/qdap/man/as.tdm.Rd:196: file link ‘TermDocumentMatrix’ in package ‘tm’ does not exist and so has been treated as a topic
     Rd warning: /tmp/RtmpfyO10L/R.INSTALL6fc512c0ee62/qdap/man/as.tdm.Rd:196: file link ‘wfm’ in package ‘qdap’ does not exist and so has been treated as a topic
     Rd warning: /tmp/RtmpfyO10L/R.INSTALL6fc512c0ee62/qdap/man/as.tdm.Rd:88: file link ‘wfm’ in package ‘qdap’ does not exist and so has been treated as a topic
     Rd warning: /tmp/RtmpfyO10L/R.INSTALL6fc512c0ee62/qdap/man/as.tdm.Rd:116: file link ‘wfm’ in package ‘qdap’ does not exist and so has been treated as a topic
     Rd warning: /tmp/RtmpfyO10L/R.INSTALL6fc512c0ee62/qdap/man/as.tdm.Rd:118: file link ‘TermDocumentMatrix’ in package ‘tm’ does not exist and so has been treated as a topic
     Rd warning: /tmp/RtmpfyO10L/R.INSTALL6fc512c0ee62/qdap/man/as.tdm.Rd:121: file link ‘wfm’ in package ‘qdap’ does not exist and so has been treated as a topic
     Rd warning: /tmp/RtmpfyO10L/R.INSTALL6fc512c0ee62/qdap/man/as.tdm.Rd:207: file link ‘TermDocumentMatrix’ in package ‘tm’ does not exist and so has been treated as a topic
     Rd warning: /tmp/RtmpfyO10L/R.INSTALL6fc512c0ee62/qdap/man/as.tdm.Rd:207: file link ‘DocumentTermMatrix’ in package ‘tm’ does not exist and so has been treated as a topic
     Rd warning: /tmp/RtmpfyO10L/R.INSTALL6fc512c0ee62/qdap/man/as.tdm.Rd:153: file link ‘TermDocumentMatrix’ in package ‘tm’ does not exist and so has been treated as a topic
     Rd warning: /tmp/RtmpfyO10L/R.INSTALL6fc512c0ee62/qdap/man/as.tdm.Rd:156: file link ‘TermDocumentMatrix’ in package ‘tm’ does not exist and so has been treated as a topic
     Rd warning: /tmp/RtmpfyO10L/R.INSTALL6fc512c0ee62/qdap/man/as.tdm.Rd:158: file link ‘DocumentTermMatrix’ in package ‘tm’ does not exist and so has been treated as a topic
     Rd warning: /tmp/RtmpfyO10L/R.INSTALL6fc512c0ee62/qdap/man/as.tdm.Rd:161: file link ‘TermDocumentMatrix’ in package ‘tm’ does not exist and so has been treated as a topic
     Rd warning: /tmp/RtmpfyO10L/R.INSTALL6fc512c0ee62/qdap/man/as.tdm.Rd:170: file link ‘wfm’ in package ‘qdap’ does not exist and so has been treated as a topic
     Rd warning: /tmp/RtmpfyO10L/R.INSTALL6fc512c0ee62/qdap/man/as.tdm.Rd:171: file link ‘wfm’ in package ‘qdap’ does not exist and so has been treated as a topic
     Rd warning: /tmp/RtmpfyO10L/R.INSTALL6fc512c0ee62/qdap/man/as.tdm.Rd:502: file link ‘DocumentTermMatrix’ in package ‘tm’ does not exist and so has been treated as a topic
     Rd warning: /tmp/RtmpfyO10L/R.INSTALL6fc512c0ee62/qdap/man/as.tdm.Rd:504: file link ‘TermDocumentMatrix’ in package ‘tm’ does not exist and so has been treated as a topic
     Rd warning: /tmp/RtmpfyO10L/R.INSTALL6fc512c0ee62/qdap/man/as.tdm.Rd:505: file link ‘as.wfm’ in package ‘qdap’ does not exist and so has been treated as a topic
     Rd warning: /tmp/RtmpfyO10L/R.INSTALL6fc512c0ee62/qdap/man/chain.Rd:92: file link ‘%>%’ in package ‘dplyr’ does not exist and so has been treated as a topic
     Rd warning: /tmp/RtmpfyO10L/R.INSTALL6fc512c0ee62/qdap/man/chain.Rd:95: file link ‘%>%’ in package ‘dplyr’ does not exist and so has been treated as a topic
     Rd warning: /tmp/RtmpfyO10L/R.INSTALL6fc512c0ee62/qdap/man/check_text.Rd:59: file link ‘check_spelling_interactive’ in package ‘qdap’ does not exist and so has been treated as a topic
     Rd warning: /tmp/RtmpfyO10L/R.INSTALL6fc512c0ee62/qdap/man/colsplit2df.Rd:58: file link ‘lcolsplit2df’ in package ‘qdap’ does not exist and so has been treated as a topic
     Rd warning: /tmp/RtmpfyO10L/R.INSTALL6fc512c0ee62/qdap/man/condense.Rd:30: file link ‘mcsv_w’ in package ‘qdap’ does not exist and so has been treated as a topic
     Rd warning: /tmp/RtmpfyO10L/R.INSTALL6fc512c0ee62/qdap/man/counts.Rd:11: file link ‘fry’ in package ‘qdap’ does not exist and so has been treated as a topic
     Rd warning: /tmp/RtmpfyO10L/R.INSTALL6fc512c0ee62/qdap/man/counts.SMOG.Rd:15: file link ‘SMOG’ in package ‘qdap’ does not exist and so has been treated as a topic
     Rd warning: /tmp/RtmpfyO10L/R.INSTALL6fc512c0ee62/qdap/man/counts.automated_readability_index.Rd:16: file link ‘automated_readability_index’ in package ‘qdap’ does not exist and so has been treated as a topic
     Rd warning: /tmp/RtmpfyO10L/R.INSTALL6fc512c0ee62/qdap/man/counts.character_table.Rd:10: file link ‘character_table’ in package ‘qdap’ does not exist and so has been treated as a topic
     Rd warning: /tmp/RtmpfyO10L/R.INSTALL6fc512c0ee62/qdap/man/counts.coleman_liau.Rd:15: file link ‘coleman_liau’ in package ‘qdap’ does not exist and so has been treated as a topic
     Rd warning: /tmp/RtmpfyO10L/R.INSTALL6fc512c0ee62/qdap/man/counts.end_mark_by.Rd:10: file link ‘end_mark_by’ in package ‘qdap’ does not exist and so has been treated as a topic
     Rd warning: /tmp/RtmpfyO10L/R.INSTALL6fc512c0ee62/qdap/man/counts.flesch_kincaid.Rd:15: file link ‘flesch_kincaid’ in package ‘qdap’ does not exist and so has been treated as a topic
     Rd warning: /tmp/RtmpfyO10L/R.INSTALL6fc512c0ee62/qdap/man/counts.fry.Rd:15: file link ‘fry’ in package ‘qdap’ does not exist and so has been treated as a topic
     Rd warning: /tmp/RtmpfyO10L/R.INSTALL6fc512c0ee62/qdap/man/counts.linsear_write.Rd:15: file link ‘linsear_write’ in package ‘qdap’ does not exist and so has been treated as a topic
     Rd warning: /tmp/RtmpfyO10L/R.INSTALL6fc512c0ee62/qdap/man/counts.pos_by.Rd:10: file link ‘pos_by’ in package ‘qdap’ does not exist and so has been treated as a topic
     Rd warning: /tmp/RtmpfyO10L/R.INSTALL6fc512c0ee62/qdap/man/data_viewing.Rd:38: file link ‘htruncdf’ in package ‘qdap’ does not exist and so has been treated as a topic
     Rd warning: /tmp/RtmpfyO10L/R.INSTALL6fc512c0ee62/qdap/man/data_viewing.Rd:39: file link ‘qview’ in package ‘qdap’ does not exist and so has been treated as a topic
     Rd warning: /tmp/RtmpfyO10L/R.INSTALL6fc512c0ee62/qdap/man/data_viewing.Rd:39: file link ‘ltruncdf’ in package ‘qdap’ does not exist and so has been treated as a topic
     Rd warning: /tmp/RtmpfyO10L/R.INSTALL6fc512c0ee62/qdap/man/data_viewing.Rd:40: file link ‘htruncdf’ in package ‘qdap’ does not exist and so has been treated as a topic
     Rd warning: /tmp/RtmpfyO10L/R.INSTALL6fc512c0ee62/qdap/man/dispersion_plot.Rd:212: file link ‘term_match’ in package ‘qdap’ does not exist and so has been treated as a topic
     Rd warning: /tmp/RtmpfyO10L/R.INSTALL6fc512c0ee62/qdap/man/exclude.Rd:28: file link ‘wfm’ in package ‘qdap’ does not exist and so has been treated as a topic
     Rd warning: /tmp/RtmpfyO10L/R.INSTALL6fc512c0ee62/qdap/man/exclude.Rd:29: file link ‘DocumentTermMatrix’ in package ‘tm’ does not exist and so has been treated as a topic
     Rd warning: /tmp/RtmpfyO10L/R.INSTALL6fc512c0ee62/qdap/man/exclude.Rd:29: file link ‘TermDocumentMatrix’ in package ‘tm’ does not exist and so has been treated as a topic
     Rd warning: /tmp/RtmpfyO10L/R.INSTALL6fc512c0ee62/qdap/man/file_handling.Rd:51: file link ‘file.remove’ in package ‘base’ does not exist and so has been treated as a topic
     Rd warning: /tmp/RtmpfyO10L/R.INSTALL6fc512c0ee62/qdap/man/file_handling.Rd:52: file link ‘dir.create’ in package ‘base’ does not exist and so has been treated as a topic
     Rd warning: /tmp/RtmpfyO10L/R.INSTALL6fc512c0ee62/qdap/man/formality.Rd:17: file link ‘pos_by’ in package ‘qdap’ does not exist and so has been treated as a topic
     Rd warning: /tmp/RtmpfyO10L/R.INSTALL6fc512c0ee62/qdap/man/formality.Rd:29: file link ‘pos_by’ in package ‘qdap’ does not exist and so has been treated as a topic
     Rd warning: /tmp/RtmpfyO10L/R.INSTALL6fc512c0ee62/qdap/man/inspect_text.Rd:16: file link ‘wfm’ in package ‘qdap’ does not exist and so has been treated as a topic
     Rd warning: /tmp/RtmpfyO10L/R.INSTALL6fc512c0ee62/qdap/man/is.global.Rd:33: file link ‘globalenv’ in package ‘base’ does not exist and so has been treated as a topic
     Rd warning: /tmp/RtmpfyO10L/R.INSTALL6fc512c0ee62/qdap/man/is.global.Rd:34: file link ‘parent.frame’ in package ‘base’ does not exist and so has been treated as a topic
     Rd warning: /tmp/RtmpfyO10L/R.INSTALL6fc512c0ee62/qdap/man/justification.Rd:31: file link ‘left_just’ in package ‘qdap’ does not exist and so has been treated as a topic
     Rd warning: /tmp/RtmpfyO10L/R.INSTALL6fc512c0ee62/qdap/man/justification.Rd:33: file link ‘left_just’ in package ‘qdap’ does not exist and so has been treated as a topic
     Rd warning: /tmp/RtmpfyO10L/R.INSTALL6fc512c0ee62/qdap/man/multicsv.Rd:77: file link ‘mcsv_r’ in package ‘qdap’ does not exist and so has been treated as a topic
     Rd warning: /tmp/RtmpfyO10L/R.INSTALL6fc512c0ee62/qdap/man/multigsub.Rd:73: file link ‘gsub’ in package ‘base’ does not exist and so has been treated as a topic
     Rd warning: /tmp/RtmpfyO10L/R.INSTALL6fc512c0ee62/qdap/man/multigsub.Rd:60: file link ‘gsub’ in package ‘base’ does not exist and so has been treated as a topic
     Rd warning: /tmp/RtmpfyO10L/R.INSTALL6fc512c0ee62/qdap/man/multigsub.Rd:115: file link ‘gsub’ in package ‘base’ does not exist and so has been treated as a topic
     Rd warning: /tmp/RtmpfyO10L/R.INSTALL6fc512c0ee62/qdap/man/plot.cm_distance.Rd:33: file link ‘layout’ in package ‘igraph’ does not exist and so has been treated as a topic
     Rd warning: /tmp/RtmpfyO10L/R.INSTALL6fc512c0ee62/qdap/man/plot.readability_score.Rd:14: file link ‘fry’ in package ‘qdap’ does not exist and so has been treated as a topic
     Rd warning: /tmp/RtmpfyO10L/R.INSTALL6fc512c0ee62/qdap/man/plot.readability_score.Rd:18: file link ‘fry’ in package ‘qdap’ does not exist and so has been treated as a topic
     Rd warning: /tmp/RtmpfyO10L/R.INSTALL6fc512c0ee62/qdap/man/plot.readability_score.Rd:22: file link ‘fry’ in package ‘qdap’ does not exist and so has been treated as a topic
     Rd warning: /tmp/RtmpfyO10L/R.INSTALL6fc512c0ee62/qdap/man/preprocessed.Rd:11: file link ‘pos_by’ in package ‘qdap’ does not exist and so has been treated as a topic
     Rd warning: /tmp/RtmpfyO10L/R.INSTALL6fc512c0ee62/qdap/man/preprocessed.check_spelling_interactive.Rd:10: file link ‘check_spelling_interactive’ in package ‘qdap’ does not exist and so has been treated as a topic
     Rd warning: /tmp/RtmpfyO10L/R.INSTALL6fc512c0ee62/qdap/man/preprocessed.end_mark_by.Rd:15: file link ‘end_mark_by’ in package ‘qdap’ does not exist and so has been treated as a topic
     Rd warning: /tmp/RtmpfyO10L/R.INSTALL6fc512c0ee62/qdap/man/preprocessed.pos_by.Rd:10: file link ‘pos_by’ in package ‘qdap’ does not exist and so has been treated as a topic
     Rd warning: /tmp/RtmpfyO10L/R.INSTALL6fc512c0ee62/qdap/man/proportions.character_table.Rd:15: file link ‘character_table’ in package ‘qdap’ does not exist and so has been treated as a topic
     Rd warning: /tmp/RtmpfyO10L/R.INSTALL6fc512c0ee62/qdap/man/proportions.end_mark_by.Rd:15: file link ‘end_mark_by’ in package ‘qdap’ does not exist and so has been treated as a topic
     Rd warning: /tmp/RtmpfyO10L/R.INSTALL6fc512c0ee62/qdap/man/proportions.pos_by.Rd:15: file link ‘pos_by’ in package ‘qdap’ does not exist and so has been treated as a topic
     Rd warning: /tmp/RtmpfyO10L/R.INSTALL6fc512c0ee62/qdap/man/qdap_df.Rd:33: file link ‘%&%’ in package ‘qdap’ does not exist and so has been treated as a topic
     Rd warning: /tmp/RtmpfyO10L/R.INSTALL6fc512c0ee62/qdap/man/qdap_df.Rd:104: file link ‘%&%’ in package ‘qdap’ does not exist and so has been treated as a topic
     Rd warning: /tmp/RtmpfyO10L/R.INSTALL6fc512c0ee62/qdap/man/raj.act.1POS.Rd:8: file link ‘pos_by’ in package ‘qdap’ does not exist and so has been treated as a topic
     Rd warning: /tmp/RtmpfyO10L/R.INSTALL6fc512c0ee62/qdap/man/raj.act.1POS.Rd:9: file link ‘pos_by’ in package ‘qdap’ does not exist and so has been treated as a topic
     Rd warning: /tmp/RtmpfyO10L/R.INSTALL6fc512c0ee62/qdap/man/raj.act.1POS.Rd:21: file link ‘pos_by’ in package ‘qdap’ does not exist and so has been treated as a topic
     Rd warning: /tmp/RtmpfyO10L/R.INSTALL6fc512c0ee62/qdap/man/raj.act.1POS.Rd:22: file link ‘pos_by’ in package ‘qdap’ does not exist and so has been treated as a topic
     Rd warning: /tmp/RtmpfyO10L/R.INSTALL6fc512c0ee62/qdap/man/rank_freq_plot.Rd:82: file link ‘rank_freq_mplot’ in package ‘qdap’ does not exist and so has been treated as a topic
     Rd warning: /tmp/RtmpfyO10L/R.INSTALL6fc512c0ee62/qdap/man/rm_row.Rd:39: file link ‘grepl’ in package ‘base’ does not exist and so has been treated as a topic
     Rd warning: /tmp/RtmpfyO10L/R.INSTALL6fc512c0ee62/qdap/man/scores.Rd:11: file link ‘fry’ in package ‘qdap’ does not exist and so has been treated as a topic
     Rd warning: /tmp/RtmpfyO10L/R.INSTALL6fc512c0ee62/qdap/man/scores.SMOG.Rd:15: file link ‘SMOG’ in package ‘qdap’ does not exist and so has been treated as a topic
     Rd warning: /tmp/RtmpfyO10L/R.INSTALL6fc512c0ee62/qdap/man/scores.automated_readability_index.Rd:15: file link ‘automated_readability_index’ in package ‘qdap’ does not exist and so has been treated as a topic
     Rd warning: /tmp/RtmpfyO10L/R.INSTALL6fc512c0ee62/qdap/man/scores.character_table.Rd:10: file link ‘character_table’ in package ‘qdap’ does not exist and so has been treated as a topic
     Rd warning: /tmp/RtmpfyO10L/R.INSTALL6fc512c0ee62/qdap/man/scores.coleman_liau.Rd:15: file link ‘coleman_liau’ in package ‘qdap’ does not exist and so has been treated as a topic
     Rd warning: /tmp/RtmpfyO10L/R.INSTALL6fc512c0ee62/qdap/man/scores.end_mark_by.Rd:10: file link ‘end_mark_by’ in package ‘qdap’ does not exist and so has been treated as a topic
     Rd warning: /tmp/RtmpfyO10L/R.INSTALL6fc512c0ee62/qdap/man/scores.flesch_kincaid.Rd:15: file link ‘flesch_kincaid’ in package ‘qdap’ does not exist and so has been treated as a topic
     Rd warning: /tmp/RtmpfyO10L/R.INSTALL6fc512c0ee62/qdap/man/scores.fry.Rd:15: file link ‘fry’ in package ‘qdap’ does not exist and so has been treated as a topic
     Rd warning: /tmp/RtmpfyO10L/R.INSTALL6fc512c0ee62/qdap/man/scores.linsear_write.Rd:15: file link ‘linsear_write’ in package ‘qdap’ does not exist and so has been treated as a topic
     Rd warning: /tmp/RtmpfyO10L/R.INSTALL6fc512c0ee62/qdap/man/scores.pos_by.Rd:10: file link ‘pos_by’ in package ‘qdap’ does not exist and so has been treated as a topic
     Rd warning: /tmp/RtmpfyO10L/R.INSTALL6fc512c0ee62/qdap/man/sentSplit.Rd:72: file link ‘stem2df’ in package ‘qdap’ does not exist and so has been treated as a topic
     Rd warning: /tmp/RtmpfyO10L/R.INSTALL6fc512c0ee62/qdap/man/sentSplit.Rd:163: file link ‘stem2df’ in package ‘qdap’ does not exist and so has been treated as a topic
     Rd warning: /tmp/RtmpfyO10L/R.INSTALL6fc512c0ee62/qdap/man/sentSplit.Rd:164: file link ‘TOT’ in package ‘qdap’ does not exist and so has been treated as a topic
     Rd warning: /tmp/RtmpfyO10L/R.INSTALL6fc512c0ee62/qdap/man/space_fill.Rd:34: file link ‘gsub’ in package ‘base’ does not exist and so has been treated as a topic
     Rd warning: /tmp/RtmpfyO10L/R.INSTALL6fc512c0ee62/qdap/man/stemmer.Rd:24: file link ‘stem2df’ in package ‘qdap’ does not exist and so has been treated as a topic
     Rd warning: /tmp/RtmpfyO10L/R.INSTALL6fc512c0ee62/qdap/man/strWrap.Rd:24: file link ‘as.character’ in package ‘base’ does not exist and so has been treated as a topic
     Rd warning: /tmp/RtmpfyO10L/R.INSTALL6fc512c0ee62/qdap/man/strWrap.Rd:11: file link ‘as.character’ in package ‘base’ does not exist and so has been treated as a topic
     Rd warning: /tmp/RtmpfyO10L/R.INSTALL6fc512c0ee62/qdap/man/syllabication.Rd:67: file link ‘syllable_count’ in package ‘qdap’ does not exist and so has been treated as a topic
     Rd warning: /tmp/RtmpfyO10L/R.INSTALL6fc512c0ee62/qdap/man/termco.Rd:139: file link ‘termco_d’ in package ‘qdap’ does not exist and so has been treated as a topic
     Rd warning: /tmp/RtmpfyO10L/R.INSTALL6fc512c0ee62/qdap/man/termco.Rd:91: file link ‘termco_d’ in package ‘qdap’ does not exist and so has been treated as a topic
     Rd warning: /tmp/RtmpfyO10L/R.INSTALL6fc512c0ee62/qdap/man/termco_c.Rd:20: file link ‘termco_d’ in package ‘qdap’ does not exist and so has been treated as a topic
     Rd warning: /tmp/RtmpfyO10L/R.INSTALL6fc512c0ee62/qdap/man/trans_context.Rd:85: file link ‘boolean_search’ in package ‘qdap’ does not exist and so has been treated as a topic
     Rd warning: /tmp/RtmpfyO10L/R.INSTALL6fc512c0ee62/qdap/man/weight.Rd:17: file link ‘log’ in package ‘base’ does not exist and so has been treated as a topic
     Rd warning: /tmp/RtmpfyO10L/R.INSTALL6fc512c0ee62/qdap/man/weight.Rd:17: file link ‘sqrt’ in package ‘base’ does not exist and so has been treated as a topic
     Rd warning: /tmp/RtmpfyO10L/R.INSTALL6fc512c0ee62/qdap/man/word_associate.Rd:86: file link ‘layout’ in package ‘igraph’ does not exist and so has been treated as a topic
     Rd warning: /tmp/RtmpfyO10L/R.INSTALL6fc512c0ee62/qdap/man/word_associate.Rd:244: file link ‘graph.adjacency’ in package ‘igraph’ does not exist and so has been treated as a topic
     Rd warning: /tmp/RtmpfyO10L/R.INSTALL6fc512c0ee62/qdap/man/word_cor.Rd:35: file link ‘wfm’ in package ‘qdap’ does not exist and so has been treated as a topic
     Rd warning: /tmp/RtmpfyO10L/R.INSTALL6fc512c0ee62/qdap/man/word_cor.Rd:148: file link ‘wfm’ in package ‘qdap’ does not exist and so has been treated as a topic
     Rd warning: /tmp/RtmpfyO10L/R.INSTALL6fc512c0ee62/qdap/man/word_count.Rd:199: file link ‘syllable_count’ in package ‘qdap’ does not exist and so has been treated as a topic
     Rd warning: /tmp/RtmpfyO10L/R.INSTALL6fc512c0ee62/qdap/man/word_network_plot.Rd:57: file link ‘igraph.vertex.shapes’ in package ‘igraph’ does not exist and so has been treated as a topic
     Rd warning: /tmp/RtmpfyO10L/R.INSTALL6fc512c0ee62/qdap/man/word_network_plot.Rd:66: file link ‘layout’ in package ‘igraph’ does not exist and so has been treated as a topic
     Rd warning: /tmp/RtmpfyO10L/R.INSTALL6fc512c0ee62/qdap/man/word_network_plot.Rd:151: file link ‘graph.adjacency’ in package ‘igraph’ does not exist and so has been treated as a topic
     Rd warning: /tmp/RtmpfyO10L/R.INSTALL6fc512c0ee62/qdap/man/word_proximity.Rd:41: file link ‘log’ in package ‘base’ does not exist and so has been treated as a topic
     Rd warning: /tmp/RtmpfyO10L/R.INSTALL6fc512c0ee62/qdap/man/word_proximity.Rd:41: file link ‘sqrt’ in package ‘base’ does not exist and so has been treated as a topic
Flavor: r-patched-linux-x86_64