Last updated on 2022-06-29 23:53:27 CEST.
Flavor | Version | Tinstall | Tcheck | Ttotal | Status | Flags |
---|---|---|---|---|---|---|
r-devel-linux-x86_64-debian-clang | 2.4.3 | 44.32 | 279.63 | 323.95 | OK | |
r-devel-linux-x86_64-debian-gcc | 2.4.3 | 34.92 | 204.20 | 239.12 | OK | |
r-devel-linux-x86_64-fedora-clang | 2.4.3 | 382.51 | NOTE | |||
r-devel-linux-x86_64-fedora-gcc | 2.4.3 | 390.86 | OK | |||
r-devel-windows-x86_64 | 2.4.3 | 199.00 | 328.00 | 527.00 | OK | |
r-patched-linux-x86_64 | 2.4.3 | 42.69 | 263.82 | 306.51 | OK | |
r-release-linux-x86_64 | 2.4.3 | 35.99 | 259.22 | 295.21 | OK | |
r-release-macos-arm64 | 2.4.3 | 98.00 | OK | |||
r-release-macos-x86_64 | 2.4.3 | 164.00 | OK | |||
r-release-windows-x86_64 | 2.4.3 | 229.00 | 313.00 | 542.00 | OK | |
r-oldrel-macos-arm64 | 2.4.3 | 148.00 | OK | |||
r-oldrel-macos-x86_64 | 2.4.3 | 202.00 | OK | |||
r-oldrel-windows-ix86+x86_64 | 2.4.3 | 77.00 | 304.00 | 381.00 | OK |
Version: 2.4.3
Check: Rd cross-references
Result: NOTE
Undeclared package ‘gplots’ in Rd xrefs
Flavor: r-devel-linux-x86_64-fedora-clang