CRAN Package Check Results for Package qape

Last updated on 2022-01-23 23:50:26 CET.

Flavor Version Tinstall Tcheck Ttotal Status Flags
r-devel-linux-x86_64-debian-clang 1.1 10.61 121.72 132.33 OK
r-devel-linux-x86_64-debian-gcc 1.1 10.06 103.05 113.11 OK
r-devel-linux-x86_64-fedora-clang 1.1 161.39 OK
r-devel-linux-x86_64-fedora-gcc 1.1 147.45 OK
r-devel-windows-x86_64-new-UL 1.1 27.00 144.00 171.00 OK
r-devel-windows-x86_64-new-TK 1.1 ERROR
r-patched-linux-x86_64 1.1 9.34 114.03 123.37 OK
r-release-linux-x86_64 1.1 11.28 118.39 129.67 OK
r-release-macos-arm64 1.1 OK
r-release-macos-x86_64 1.1 OK
r-release-windows-ix86+x86_64 1.1 25.00 136.00 161.00 OK
r-oldrel-macos-x86_64 1.1 OK
r-oldrel-windows-ix86+x86_64 1.1 26.00 136.00 162.00 OK

Check Details

Version: 1.1
Check: package dependencies
Result: ERROR
    Package required but not available: 'lme4'
    
    See section 'The DESCRIPTION file' in the 'Writing R Extensions'
    manual.
Flavor: r-devel-windows-x86_64-new-TK