CRAN Package Check Results for Package ptinpoly

Last updated on 2019-05-27 02:51:15 CEST.

Flavor Version Tinstall Tcheck Ttotal Status Flags
r-devel-linux-x86_64-debian-clang 2.4 7.37 20.17 27.54 WARN
r-devel-linux-x86_64-debian-gcc 2.4 5.07 16.39 21.46 OK
r-devel-linux-x86_64-fedora-clang 2.4 35.74 WARN
r-devel-linux-x86_64-fedora-gcc 2.4 30.72 NOTE
r-devel-windows-ix86+x86_64 2.4 16.00 60.00 76.00 OK
r-patched-linux-x86_64 2.4 OK
r-patched-solaris-x86 2.4 53.20 OK
r-release-linux-x86_64 2.4 6.34 20.07 26.41 OK
r-release-windows-ix86+x86_64 2.4 22.00 42.00 64.00 OK
r-release-osx-x86_64 2.4 WARN
r-oldrel-windows-ix86+x86_64 2.4 30.00 42.00 72.00 OK
r-oldrel-osx-x86_64 2.4 WARN

Check Details

Version: 2.4
Check: whether package can be installed
Result: WARN
    Found the following significant warnings:
     pinpolyhedronA.cc:594:7: warning: explicitly assigning value of variable of type 'double' to itself [-Wself-assign]
     pinpolyhedronA.cc:1766:5: warning: explicitly assigning value of variable of type 'int' to itself [-Wself-assign]
Flavors: r-devel-linux-x86_64-debian-clang, r-devel-linux-x86_64-fedora-clang, r-release-osx-x86_64, r-oldrel-osx-x86_64

Version: 2.4
Check: compiled code
Result: NOTE
    File ‘ptinpoly/libs/ptinpoly.so’:
     Found no calls to: ‘R_registerRoutines’, ‘R_useDynamicSymbols’
    
    It is good practice to register native routines and to disable symbol
    search.
    
    See ‘Writing portable packages’ in the ‘Writing R Extensions’ manual.
Flavors: r-devel-linux-x86_64-fedora-clang, r-devel-linux-x86_64-fedora-gcc