CRAN Package Check Results for Package psycho

Last updated on 2019-07-22 06:47:45 CEST.

Flavor Version Tinstall Tcheck Ttotal Status Flags
r-devel-linux-x86_64-debian-clang 0.4.91 25.30 328.48 353.78 OK
r-devel-linux-x86_64-debian-gcc 0.4.91 14.07 242.11 256.18 OK
r-devel-linux-x86_64-fedora-clang 0.4.91 407.15 NOTE
r-devel-linux-x86_64-fedora-gcc 0.4.91 399.91 NOTE
r-devel-windows-ix86+x86_64 0.4.91 37.00 466.00 503.00 OK --no-vignettes
r-patched-linux-x86_64 0.4.91 16.55 319.48 336.03 OK
r-patched-solaris-x86 0.4.91 645.30 NOTE
r-release-linux-x86_64 0.4.91 16.12 315.81 331.93 OK
r-release-windows-ix86+x86_64 0.4.91 37.00 336.00 373.00 OK --no-vignettes
r-release-osx-x86_64 0.4.91 NOTE
r-oldrel-windows-ix86+x86_64 0.4.91 41.00 284.00 325.00 OK --no-vignettes
r-oldrel-osx-x86_64 0.4.91 NOTE

Check Details

Version: 0.4.91
Check: dependencies in R code
Result: NOTE
    Namespace in Imports field not imported from: ‘methods’
     All declared Imports should be used.
Flavors: r-devel-linux-x86_64-fedora-clang, r-devel-linux-x86_64-fedora-gcc, r-patched-solaris-x86, r-release-osx-x86_64, r-oldrel-osx-x86_64