CRAN Package Check Results for Package psycho

Last updated on 2019-11-10 23:48:37 CET.

Flavor Version Tinstall Tcheck Ttotal Status Flags
r-devel-linux-x86_64-debian-clang 0.4.91 29.47 310.90 340.37 OK
r-devel-linux-x86_64-debian-gcc 0.4.91 14.72 228.56 243.28 OK
r-devel-linux-x86_64-fedora-clang 0.4.91 392.02 NOTE
r-devel-linux-x86_64-fedora-gcc 0.4.91 418.16 NOTE
r-devel-windows-ix86+x86_64 0.4.91 69.00 315.00 384.00 OK --no-vignettes
r-patched-linux-x86_64 0.4.91 26.69 292.68 319.37 OK
r-patched-solaris-x86 0.4.91 566.30 NOTE
r-release-linux-x86_64 0.4.91 25.08 299.14 324.22 OK
r-release-windows-ix86+x86_64 0.4.91 106.00 346.00 452.00 OK --no-vignettes
r-release-osx-x86_64 0.4.91 NOTE
r-oldrel-windows-ix86+x86_64 0.4.91 44.00 319.00 363.00 OK --no-vignettes
r-oldrel-osx-x86_64 0.4.91 NOTE

Check Details

Version: 0.4.91
Check: dependencies in R code
Result: NOTE
    Namespace in Imports field not imported from: ‘methods’
     All declared Imports should be used.
Flavors: r-devel-linux-x86_64-fedora-clang, r-devel-linux-x86_64-fedora-gcc, r-patched-solaris-x86, r-release-osx-x86_64, r-oldrel-osx-x86_64