Last updated on 2021-01-18 23:49:41 CET.
Flavor | Version | Tinstall | Tcheck | Ttotal | Status | Flags |
---|---|---|---|---|---|---|
r-devel-linux-x86_64-debian-clang | 0.3-19 | 305.31 | 68.22 | 373.53 | OK | |
r-devel-linux-x86_64-debian-gcc | 0.3-19 | 182.56 | 52.75 | 235.31 | OK | |
r-devel-linux-x86_64-fedora-clang | 0.3-19 | 499.86 | NOTE | |||
r-devel-linux-x86_64-fedora-gcc | 0.3-19 | 438.50 | OK | |||
r-devel-windows-ix86+x86_64 | 0.3-19 | 497.00 | 112.00 | 609.00 | OK | |
r-patched-linux-x86_64 | 0.3-19 | 219.38 | 65.01 | 284.39 | OK | |
r-patched-solaris-x86 | 0.3-19 | 387.10 | OK | |||
r-release-linux-x86_64 | 0.3-19 | 224.25 | 66.31 | 290.56 | OK | |
r-release-macos-x86_64 | 0.3-19 | NOTE | ||||
r-release-windows-ix86+x86_64 | 0.3-19 | 552.00 | 114.00 | 666.00 | OK | |
r-oldrel-macos-x86_64 | 0.3-19 | NOTE | ||||
r-oldrel-windows-ix86+x86_64 | 0.3-19 | 436.00 | 96.00 | 532.00 | OK |
Version: 0.3-19
Check: installed package size
Result: NOTE
installed size is 8.8Mb
sub-directories of 1Mb or more:
libs 8.6Mb
Flavors: r-devel-linux-x86_64-fedora-clang, r-release-macos-x86_64, r-oldrel-macos-x86_64