CRAN Package Check Results for Package prozor

Last updated on 2020-05-24 23:47:52 CEST.

Flavor Version Tinstall Tcheck Ttotal Status Flags
r-devel-linux-x86_64-debian-clang 0.2.11 10.00 418.64 428.64 NOTE
r-devel-linux-x86_64-debian-gcc 0.2.11 7.93 306.17 314.10 NOTE
r-devel-linux-x86_64-fedora-clang 0.2.11 503.22 NOTE
r-devel-linux-x86_64-fedora-gcc 0.2.11 465.14 NOTE
r-devel-windows-ix86+x86_64 0.2.11 36.00 392.00 428.00 NOTE
r-patched-linux-x86_64 0.2.11 9.79 373.37 383.16 NOTE
r-patched-solaris-x86 0.2.11 773.90 NOTE
r-release-linux-x86_64 0.2.11 9.91 375.45 385.36 NOTE
r-release-osx-x86_64 0.2.11 NOTE
r-release-windows-ix86+x86_64 0.2.11 35.00 492.00 527.00 NOTE
r-oldrel-osx-x86_64 0.2.11 NOTE
r-oldrel-windows-ix86+x86_64 0.2.11 21.00 478.00 499.00 NOTE

Check Details

Version: 0.2.11
Check: package vignettes
Result: NOTE
    Package vignette with placeholder title 'Vignette Title':
     'TargetDecoyFDR_Example.Rmd'
Flavors: r-devel-linux-x86_64-debian-clang, r-devel-linux-x86_64-debian-gcc, r-devel-windows-ix86+x86_64, r-patched-linux-x86_64, r-release-linux-x86_64, r-release-windows-ix86+x86_64

Version: 0.2.11
Check: installed package size
Result: NOTE
     installed size is 5.6Mb
     sub-directories of 1Mb or more:
     data 1.7Mb
     extdata 2.3Mb
Flavors: r-devel-linux-x86_64-fedora-clang, r-devel-windows-ix86+x86_64, r-patched-solaris-x86, r-release-osx-x86_64, r-release-windows-ix86+x86_64, r-oldrel-osx-x86_64, r-oldrel-windows-ix86+x86_64

Version: 0.2.11
Check: dependencies in R code
Result: NOTE
    Namespaces in Imports field not imported from:
     ‘dplyr’ ‘readr’
     All declared Imports should be used.
Flavors: r-devel-linux-x86_64-fedora-clang, r-devel-linux-x86_64-fedora-gcc, r-patched-solaris-x86, r-release-osx-x86_64, r-oldrel-osx-x86_64