CRAN Package Check Results for Package prozor

Last updated on 2019-10-13 23:47:29 CEST.

Flavor Version Tinstall Tcheck Ttotal Status Flags
r-devel-linux-x86_64-debian-clang 0.2.11 8.74 389.62 398.36 NOTE
r-devel-linux-x86_64-debian-gcc 0.2.11 8.04 298.96 307.00 NOTE
r-devel-linux-x86_64-fedora-clang 0.2.11 486.16 NOTE
r-devel-linux-x86_64-fedora-gcc 0.2.11 451.40 NOTE
r-devel-windows-ix86+x86_64 0.2.11 20.00 504.00 524.00 NOTE
r-patched-linux-x86_64 0.2.11 8.78 373.52 382.30 OK
r-patched-solaris-x86 0.2.11 765.00 NOTE
r-release-linux-x86_64 0.2.11 7.35 375.36 382.71 OK
r-release-windows-ix86+x86_64 0.2.11 29.00 384.00 413.00 NOTE
r-release-osx-x86_64 0.2.11 NOTE
r-oldrel-windows-ix86+x86_64 0.2.11 13.00 380.00 393.00 NOTE
r-oldrel-osx-x86_64 0.2.11 NOTE

Check Details

Version: 0.2.11
Check: package vignettes
Result: NOTE
    Package vignette with placeholder title 'Vignette Title':
     'TargetDecoyFDR_Example.Rmd'
Flavors: r-devel-linux-x86_64-debian-clang, r-devel-linux-x86_64-debian-gcc, r-devel-windows-ix86+x86_64

Version: 0.2.11
Check: installed package size
Result: NOTE
     installed size is 5.6Mb
     sub-directories of 1Mb or more:
     data 1.7Mb
     extdata 2.3Mb
Flavors: r-devel-linux-x86_64-fedora-clang, r-devel-windows-ix86+x86_64, r-patched-solaris-x86, r-release-windows-ix86+x86_64, r-release-osx-x86_64, r-oldrel-windows-ix86+x86_64, r-oldrel-osx-x86_64

Version: 0.2.11
Check: dependencies in R code
Result: NOTE
    Namespaces in Imports field not imported from:
     ‘dplyr’ ‘readr’
     All declared Imports should be used.
Flavors: r-devel-linux-x86_64-fedora-clang, r-devel-linux-x86_64-fedora-gcc, r-patched-solaris-x86, r-release-osx-x86_64, r-oldrel-osx-x86_64