CRAN Package Check Results for Package provViz

Last updated on 2019-08-18 23:47:42 CEST.

Flavor Version Tinstall Tcheck Ttotal Status Flags
r-devel-linux-x86_64-debian-clang 1.0.5 1.97 16.35 18.32 NOTE
r-devel-linux-x86_64-debian-gcc 1.0.5 1.69 13.51 15.20 NOTE
r-devel-linux-x86_64-fedora-clang 1.0.5 22.17 NOTE
r-devel-linux-x86_64-fedora-gcc 1.0.5 20.98 NOTE
r-devel-windows-ix86+x86_64 1.0.5 9.00 27.00 36.00 NOTE
r-patched-linux-x86_64 1.0.5 1.72 16.59 18.31 NOTE
r-patched-solaris-x86 1.0.5 37.70 NOTE
r-release-linux-x86_64 1.0.5 1.83 16.34 18.17 NOTE
r-release-windows-ix86+x86_64 1.0.5 5.00 30.00 35.00 NOTE
r-release-osx-x86_64 1.0.5 NOTE
r-oldrel-windows-ix86+x86_64 1.0.5 6.00 38.00 44.00 NOTE
r-oldrel-osx-x86_64 1.0.5 NOTE

Check Details

Version: 1.0.5
Check: package dependencies
Result: NOTE
    Package suggested but not available for checking: 'rdt'
Flavors: r-devel-linux-x86_64-debian-clang, r-devel-linux-x86_64-debian-gcc, r-devel-linux-x86_64-fedora-clang, r-devel-linux-x86_64-fedora-gcc, r-devel-windows-ix86+x86_64, r-patched-linux-x86_64, r-patched-solaris-x86, r-release-linux-x86_64, r-release-windows-ix86+x86_64, r-release-osx-x86_64, r-oldrel-windows-ix86+x86_64, r-oldrel-osx-x86_64