CRAN Package Check Results for Package provViz

Last updated on 2019-10-20 23:47:34 CEST.

Flavor Version Tinstall Tcheck Ttotal Status Flags
r-devel-linux-x86_64-debian-clang 1.0.6 1.84 15.87 17.71 NOTE
r-devel-linux-x86_64-debian-gcc 1.0.6 1.64 13.00 14.64 NOTE
r-devel-linux-x86_64-fedora-clang 1.0.6 22.16 NOTE
r-devel-linux-x86_64-fedora-gcc 1.0.6 21.61 NOTE
r-devel-windows-ix86+x86_64 1.0.6 6.00 38.00 44.00 NOTE
r-patched-linux-x86_64 1.0.6 1.50 15.73 17.23 NOTE
r-patched-solaris-x86 1.0.6 34.80 NOTE
r-release-linux-x86_64 1.0.6 1.63 15.90 17.53 NOTE
r-release-windows-ix86+x86_64 1.0.6 7.00 31.00 38.00 NOTE
r-release-osx-x86_64 1.0.6 NOTE
r-oldrel-windows-ix86+x86_64 1.0.6 3.00 27.00 30.00 NOTE
r-oldrel-osx-x86_64 1.0.6 NOTE

Check Details

Version: 1.0.6
Check: package dependencies
Result: NOTE
    Package suggested but not available for checking: 'rdt'
Flavors: r-devel-linux-x86_64-debian-clang, r-devel-linux-x86_64-debian-gcc, r-devel-linux-x86_64-fedora-clang, r-devel-linux-x86_64-fedora-gcc, r-devel-windows-ix86+x86_64, r-patched-linux-x86_64, r-patched-solaris-x86, r-release-linux-x86_64, r-release-windows-ix86+x86_64, r-release-osx-x86_64, r-oldrel-windows-ix86+x86_64, r-oldrel-osx-x86_64