CRAN Package Check Results for Package provViz

Last updated on 2020-05-24 23:47:52 CEST.

Flavor Version Tinstall Tcheck Ttotal Status Flags
r-devel-linux-x86_64-debian-clang 1.0.6 2.38 17.49 19.87 NOTE
r-devel-linux-x86_64-debian-gcc 1.0.6 1.76 14.04 15.80 NOTE
r-devel-linux-x86_64-fedora-clang 1.0.6 24.59 NOTE
r-devel-linux-x86_64-fedora-gcc 1.0.6 23.27 NOTE
r-devel-windows-ix86+x86_64 1.0.6 8.00 31.00 39.00 NOTE
r-patched-linux-x86_64 1.0.6 2.16 17.62 19.78 NOTE
r-patched-solaris-x86 1.0.6 37.40 NOTE
r-release-linux-x86_64 1.0.6 2.03 17.45 19.48 NOTE
r-release-osx-x86_64 1.0.6 NOTE
r-release-windows-ix86+x86_64 1.0.6 6.00 47.00 53.00 NOTE
r-oldrel-osx-x86_64 1.0.6 NOTE
r-oldrel-windows-ix86+x86_64 1.0.6 4.00 38.00 42.00 NOTE

Check Details

Version: 1.0.6
Check: package dependencies
Result: NOTE
    Package suggested but not available for checking: 'rdt'
Flavors: r-devel-linux-x86_64-debian-clang, r-devel-linux-x86_64-debian-gcc, r-devel-linux-x86_64-fedora-clang, r-devel-linux-x86_64-fedora-gcc, r-devel-windows-ix86+x86_64, r-patched-linux-x86_64, r-patched-solaris-x86, r-release-linux-x86_64, r-release-osx-x86_64, r-release-windows-ix86+x86_64, r-oldrel-osx-x86_64, r-oldrel-windows-ix86+x86_64