CRAN Package Check Results for Package provSummarizeR

Last updated on 2019-12-08 23:47:34 CET.

Flavor Version Tinstall Tcheck Ttotal Status Flags
r-devel-linux-x86_64-debian-clang 1.2 1.96 31.31 33.27 NOTE
r-devel-linux-x86_64-debian-gcc 1.3 1.71 24.27 25.98 NOTE
r-devel-linux-x86_64-fedora-clang 1.3 40.28 NOTE
r-devel-linux-x86_64-fedora-gcc 1.3 40.21 NOTE
r-devel-windows-ix86+x86_64 1.2 5.00 53.00 58.00 NOTE
r-devel-windows-ix86+x86_64-gcc8 1.2 7.00 57.00 64.00 NOTE
r-patched-linux-x86_64 1.2 1.65 28.53 30.18 NOTE
r-patched-solaris-x86 1.3 46.00 NOTE
r-release-linux-x86_64 1.2 1.81 28.85 30.66 NOTE
r-release-windows-ix86+x86_64 1.3 7.00 53.00 60.00 NOTE
r-release-osx-x86_64 1.3 NOTE
r-oldrel-windows-ix86+x86_64 1.3 3.00 34.00 37.00 NOTE
r-oldrel-osx-x86_64 1.3 NOTE

Check Details

Version: 1.2
Check: package dependencies
Result: NOTE
    Package suggested but not available for checking: 'rdt'
Flavors: r-devel-linux-x86_64-debian-clang, r-devel-windows-ix86+x86_64, r-devel-windows-ix86+x86_64-gcc8, r-patched-linux-x86_64, r-release-linux-x86_64

Version: 1.3
Check: package dependencies
Result: NOTE
    Package suggested but not available for checking: ‘rdt’
Flavors: r-devel-linux-x86_64-debian-gcc, r-devel-linux-x86_64-fedora-clang, r-devel-linux-x86_64-fedora-gcc, r-patched-solaris-x86, r-release-windows-ix86+x86_64, r-release-osx-x86_64, r-oldrel-windows-ix86+x86_64, r-oldrel-osx-x86_64