CRAN Package Check Results for Package promethee123

Last updated on 2022-12-02 23:50:36 CET.

Flavor Version Tinstall Tcheck Ttotal Status Flags
r-devel-linux-x86_64-debian-clang 0.1.0 5.56 53.70 59.26 NOTE
r-devel-linux-x86_64-debian-gcc 0.1.0 3.45 40.71 44.16 NOTE
r-devel-linux-x86_64-fedora-clang 0.1.0 82.92 NOTE
r-devel-linux-x86_64-fedora-gcc 0.1.0 79.84 NOTE
r-devel-windows-x86_64 0.1.0 9.00 77.00 86.00 NOTE
r-patched-linux-x86_64 0.1.0 5.95 50.71 56.66 NOTE
r-release-linux-x86_64 0.1.0 5.84 51.56 57.40 NOTE
r-release-macos-arm64 0.1.0 22.00 NOTE
r-release-macos-x86_64 0.1.0 43.00 NOTE
r-release-windows-x86_64 0.1.0 16.00 83.00 99.00 NOTE
r-oldrel-macos-arm64 0.1.0 26.00 NOTE
r-oldrel-macos-x86_64 0.1.0 43.00 NOTE
r-oldrel-windows-ix86+x86_64 0.1.0 17.00 76.00 93.00 NOTE

Check Details

Version: 0.1.0
Check: LazyData
Result: NOTE
     'LazyData' is specified without a 'data' directory
Flavors: r-devel-linux-x86_64-debian-clang, r-devel-linux-x86_64-debian-gcc, r-devel-linux-x86_64-fedora-clang, r-devel-linux-x86_64-fedora-gcc, r-devel-windows-x86_64, r-patched-linux-x86_64, r-release-linux-x86_64, r-release-macos-arm64, r-release-macos-x86_64, r-release-windows-x86_64, r-oldrel-macos-arm64, r-oldrel-macos-x86_64, r-oldrel-windows-ix86+x86_64