CRAN Package Check Results for Package projections

Last updated on 2021-03-01 23:49:04 CET.

Flavor Version Tinstall Tcheck Ttotal Status Flags
r-devel-linux-x86_64-debian-clang 0.5.2 OK
r-devel-linux-x86_64-debian-gcc 0.5.2 2.33 29.27 31.60 OK
r-devel-linux-x86_64-fedora-clang 0.5.2 59.02 OK
r-devel-linux-x86_64-fedora-gcc 0.5.2 47.63 OK
r-devel-windows-ix86+x86_64 0.5.2 6.00 43.00 49.00 OK
r-patched-linux-x86_64 0.5.2 2.93 36.08 39.01 OK
r-patched-solaris-x86 0.5.2 73.70 OK
r-release-linux-x86_64 0.5.2 2.56 36.36 38.92 OK
r-release-macos-x86_64 0.5.2 OK
r-release-windows-ix86+x86_64 0.5.2 5.00 41.00 46.00 OK
r-oldrel-macos-x86_64 0.5.2 ERROR
r-oldrel-windows-ix86+x86_64 0.5.2 3.00 58.00 61.00 ERROR

Check Details

Version: 0.5.2
Check: tests
Result: ERROR
     Running ‘testthat.R’ [4s/4s]
    Running the tests in ‘tests/testthat.R’ failed.
    Last 13 lines of output:
     * _snaps/plots/evd-proj-box-no-outliers.svg
     * _snaps/plots/evd-proj-box-only.svg
     * _snaps/plots/evd-proj-full-red-ribbon-narrow-range.svg
     * _snaps/plots/evd-proj-no-box-custom-lines.svg
     * _snaps/plots/evd-proj-no-ribbon.svg
     * _snaps/plots/evd-proj-red-box.svg
     * _snaps/plots/evd-proj-red-ribbon.svg
     * _snaps/plots/evd-proj-ribbon-only.svg
     * _snaps/plots/evd-proj-with-incidence-incidence-and-custom.svg
     * _snaps/plots/evd-proj-with-incidence-incidence-box-only.svg
     * _snaps/plots/evd-proj-with-incidence-incidence-no-box.svg
     * _snaps/plots/evd-proj-with-incidence-incidence.svg
     * _snaps/plots/evd-proj.svg
     Error: Test failures
     Execution halted
Flavor: r-oldrel-macos-x86_64

Version: 0.5.2
Check: tests
Result: ERROR
     Running 'testthat.R' [5s]
    Running the tests in 'tests/testthat.R' failed.
    Complete output:
     > library(testthat)
     > library(distcrete)
     > library(incidence)
     > library(projections)
     > library(outbreaks)
     > library(magrittr)
    
     Attaching package: 'magrittr'
    
     The following objects are masked from 'package:testthat':
    
     equals, is_less_than, not
    
     >
     > test_check("projections")
     Saving 7 x 7 in image
     == Skipped tests ===============================================================
     * On CRAN (19)
    
     == Failed tests ================================================================
     -- Error (test-project.R:126:3): Errors are thrown when they should ------------
     Error: `R` must be a `vector` or a `list` if `time_change` provided; it is a `matrix`
     Backtrace:
     x
     1. +-testthat::expect_error(...) test-project.R:126:2
     2. | \-testthat:::expect_condition_matching(...)
     3. | \-testthat:::quasi_capture(...)
     4. | +-testthat:::.capture(...)
     5. | | \-base::withCallingHandlers(...)
     6. | \-rlang::eval_bare(quo_get_expr(.quo), quo_get_env(.quo))
     7. \-projections::project(i, si = si, time_change = 2, R = matrix(1.2))
    
     [ FAIL 1 | WARN 0 | SKIP 19 | PASS 73 ]
     Deleting unused snapshots:
     * _snaps/plots/basic-example-plot.svg
     * _snaps/plots/evd-proj-box-no-outliers.svg
     * _snaps/plots/evd-proj-box-only.svg
     * _snaps/plots/evd-proj-full-red-ribbon-narrow-range.svg
     * _snaps/plots/evd-proj-no-box-custom-lines.svg
     * _snaps/plots/evd-proj-no-ribbon.svg
     * _snaps/plots/evd-proj-red-box.svg
     * _snaps/plots/evd-proj-red-ribbon.svg
     * _snaps/plots/evd-proj-ribbon-only.svg
     * _snaps/plots/evd-proj-with-incidence-incidence-and-custom.svg
     * _snaps/plots/evd-proj-with-incidence-incidence-box-only.svg
     * _snaps/plots/evd-proj-with-incidence-incidence-no-box.svg
     * _snaps/plots/evd-proj-with-incidence-incidence.svg
     * _snaps/plots/evd-proj.svg
     Error: Test failures
     Execution halted
Flavor: r-oldrel-windows-ix86+x86_64