Last updated on 2021-03-01 23:49:04 CET.
Flavor | Version | Tinstall | Tcheck | Ttotal | Status | Flags |
---|---|---|---|---|---|---|
r-devel-linux-x86_64-debian-clang | 1.0-10.1 | OK | ||||
r-devel-linux-x86_64-debian-gcc | 1.0-10.1 | 3.60 | 17.65 | 21.25 | OK | |
r-devel-linux-x86_64-fedora-clang | 1.0-10.1 | 44.10 | NOTE | |||
r-devel-linux-x86_64-fedora-gcc | 1.0-10.1 | 32.78 | NOTE | |||
r-devel-windows-ix86+x86_64 | 1.0-10.1 | 9.00 | 35.00 | 44.00 | OK | |
r-patched-linux-x86_64 | 1.0-10.1 | 3.95 | 21.58 | 25.53 | OK | |
r-patched-solaris-x86 | 1.0-10.1 | 53.30 | OK | |||
r-release-linux-x86_64 | 1.0-10.1 | 4.54 | 21.86 | 26.40 | OK | |
r-release-macos-x86_64 | 1.0-10.1 | NOTE | ||||
r-release-windows-ix86+x86_64 | 1.0-10.1 | 8.00 | 41.00 | 49.00 | OK | |
r-oldrel-macos-x86_64 | 1.0-10.1 | OK | ||||
r-oldrel-windows-ix86+x86_64 | 1.0-10.1 | 6.00 | 33.00 | 39.00 | OK |
Version: 1.0-10.1
Check: compiled code
Result: NOTE
File ‘proj4/libs/proj4.so’:
Found no calls to: ‘R_registerRoutines’, ‘R_useDynamicSymbols’
It is good practice to register native routines and to disable symbol
search.
See ‘Writing portable packages’ in the ‘Writing R Extensions’ manual.
Flavors: r-devel-linux-x86_64-fedora-clang, r-devel-linux-x86_64-fedora-gcc
Version: 1.0-10.1
Check: installed package size
Result: NOTE
installed size is 46.1Mb
sub-directories of 1Mb or more:
libs 46.0Mb
Flavor: r-release-macos-x86_64