CRAN Package Check Results for Package profile

Last updated on 2022-08-17 23:53:36 CEST.

Flavor Version Tinstall Tcheck Ttotal Status Flags
r-devel-linux-x86_64-debian-clang 1.0.2 5.52 50.75 56.27 NOTE
r-devel-linux-x86_64-debian-gcc 1.0.2 NOTE
r-devel-linux-x86_64-fedora-clang 1.0.2 76.50 NOTE
r-devel-linux-x86_64-fedora-gcc 1.0.2 74.20 NOTE
r-devel-windows-x86_64 1.0.2 17.00 72.00 89.00 NOTE
r-patched-linux-x86_64 1.0.2 7.55 47.28 54.83 NOTE
r-release-linux-x86_64 1.0.2 4.66 47.44 52.10 NOTE
r-release-macos-arm64 1.0.2 22.00 NOTE
r-release-macos-x86_64 1.0.2 33.00 NOTE
r-release-windows-x86_64 1.0.2 18.00 74.00 92.00 NOTE
r-oldrel-macos-arm64 1.0.2 26.00 NOTE
r-oldrel-macos-x86_64 1.0.2 39.00 NOTE
r-oldrel-windows-ix86+x86_64 1.0.2 10.00 68.00 78.00 NOTE

Check Details

Version: 1.0.2
Check: LazyData
Result: NOTE
     'LazyData' is specified without a 'data' directory
Flavors: r-devel-linux-x86_64-debian-clang, r-devel-linux-x86_64-debian-gcc, r-devel-linux-x86_64-fedora-clang, r-devel-linux-x86_64-fedora-gcc, r-devel-windows-x86_64, r-patched-linux-x86_64, r-release-linux-x86_64, r-release-macos-arm64, r-release-macos-x86_64, r-release-windows-x86_64, r-oldrel-macos-arm64, r-oldrel-macos-x86_64, r-oldrel-windows-ix86+x86_64