CRAN Package Check Results for Package primer

Last updated on 2021-04-21 23:48:12 CEST.

Flavor Version Tinstall Tcheck Ttotal Status Flags
r-devel-linux-x86_64-debian-clang 1.2.0 6.72 65.01 71.73 OK
r-devel-linux-x86_64-debian-gcc 1.2.0 5.32 48.90 54.22 OK
r-devel-linux-x86_64-fedora-clang 1.2.0 93.12 NOTE
r-devel-linux-x86_64-fedora-gcc 1.2.0 83.11 NOTE
r-devel-windows-ix86+x86_64 1.2.0 16.00 95.00 111.00 OK
r-devel-windows-x86_64-gcc10-UCRT 1.2.0 NOTE
r-patched-linux-x86_64 1.2.0 7.44 60.71 68.15 OK
r-patched-solaris-x86 1.2.0 121.80 NOTE
r-release-linux-x86_64 1.2.0 5.31 59.80 65.11 OK
r-release-macos-x86_64 1.2.0 NOTE
r-release-windows-ix86+x86_64 1.2.0 15.00 96.00 111.00 OK
r-oldrel-macos-x86_64 1.2.0 ERROR
r-oldrel-windows-ix86+x86_64 1.1.1 5.00 42.00 47.00 OK

Check Details

Version: 1.2.0
Check: dependencies in R code
Result: NOTE
    Namespaces in Imports field not imported from:
     ‘tidyr’ ‘utils’
     All declared Imports should be used.
Flavors: r-devel-linux-x86_64-fedora-clang, r-devel-linux-x86_64-fedora-gcc, r-devel-windows-x86_64-gcc10-UCRT, r-patched-solaris-x86, r-release-macos-x86_64

Version: 1.2.0
Check: package dependencies
Result: NOTE
    Package suggested but not available for checking: ‘rsvg’
Flavor: r-patched-solaris-x86

Version: 1.2.0
Check: whether package can be installed
Result: ERROR
    Installation failed.
Flavor: r-oldrel-macos-x86_64