CRAN Package Check Results for Package prim

Last updated on 2019-05-27 02:51:14 CEST.

Flavor Version Tinstall Tcheck Ttotal Status Flags
r-devel-linux-x86_64-debian-clang 1.0.16 4.86 60.65 65.51 OK
r-devel-linux-x86_64-debian-gcc 1.0.16 3.67 47.45 51.12 OK
r-devel-linux-x86_64-fedora-clang 1.0.16 78.75 OK
r-devel-linux-x86_64-fedora-gcc 1.0.16 76.62 OK
r-devel-windows-ix86+x86_64 1.0.16 12.00 113.00 125.00 OK
r-patched-linux-x86_64 1.0.16 OK
r-patched-solaris-x86 1.0.16 123.00 OK
r-release-linux-x86_64 1.0.16 4.25 60.14 64.39 OK
r-release-windows-ix86+x86_64 1.0.16 16.00 77.00 93.00 OK
r-release-osx-x86_64 1.0.16 WARN
r-oldrel-windows-ix86+x86_64 1.0.16 12.00 71.00 83.00 OK
r-oldrel-osx-x86_64 1.0.16 OK

Check Details

Version: 1.0.16
Check: whether package can be installed
Result: WARN
    Found the following significant warnings:
     Warning: 'rgl_init' failed, running with rgl.useNULL = TRUE
Flavor: r-release-osx-x86_64