Last updated on 2023-09-22 00:53:25 CEST.
Flavor | Version | Tinstall | Tcheck | Ttotal | Status | Flags |
---|---|---|---|---|---|---|
r-devel-linux-x86_64-debian-clang | 0.1.67 | 6.50 | 50.77 | 57.27 | OK | |
r-devel-linux-x86_64-debian-gcc | 0.1.67 | 3.24 | 37.68 | 40.92 | OK | |
r-devel-linux-x86_64-fedora-clang | 0.1.67 | 69.52 | NOTE | |||
r-devel-linux-x86_64-fedora-gcc | 0.1.67 | 66.83 | NOTE | |||
r-devel-windows-x86_64 | 0.1.67 | 7.00 | 62.00 | 69.00 | OK | |
r-patched-linux-x86_64 | 0.1.67 | 4.94 | 47.23 | 52.17 | OK | |
r-release-linux-x86_64 | 0.1.67 | 3.83 | 47.67 | 51.50 | OK | |
r-release-macos-arm64 | 0.1.67 | 24.00 | OK | |||
r-release-macos-x86_64 | 0.1.67 | 33.00 | OK | |||
r-release-windows-x86_64 | 0.1.67 | 9.00 | 65.00 | 74.00 | OK | |
r-oldrel-macos-arm64 | 0.1.67 | 24.00 | NOTE | |||
r-oldrel-macos-x86_64 | 0.1.67 | 36.00 | NOTE | |||
r-oldrel-windows-x86_64 | 0.1.67 | 9.00 | 65.00 | 74.00 | OK |
Version: 0.1.67
Check: dependencies in R code
Result: NOTE
Namespace in Imports field not imported from: ‘curl’
All declared Imports should be used.
Flavors: r-devel-linux-x86_64-fedora-clang, r-devel-linux-x86_64-fedora-gcc, r-oldrel-macos-arm64, r-oldrel-macos-x86_64
Version: 0.1.67
Check: data for non-ASCII characters
Result: NOTE
Note: found 165 marked UTF-8 strings
Flavors: r-devel-linux-x86_64-fedora-clang, r-devel-linux-x86_64-fedora-gcc, r-oldrel-macos-arm64, r-oldrel-macos-x86_64