CRAN Package Check Results for Package prettyunits

Last updated on 2022-08-11 23:52:17 CEST.

Flavor Version Tinstall Tcheck Ttotal Status Flags
r-devel-linux-x86_64-debian-clang 1.1.1 1.90 25.69 27.59 NOTE
r-devel-linux-x86_64-debian-gcc 1.1.1 1.63 19.78 21.41 NOTE
r-devel-linux-x86_64-fedora-clang 1.1.1 44.17 NOTE
r-devel-linux-x86_64-fedora-gcc 1.1.1 42.78 NOTE
r-devel-windows-x86_64 1.1.1 41.00 57.00 98.00 NOTE
r-patched-linux-x86_64 1.1.1 1.91 24.64 26.55 NOTE
r-release-linux-x86_64 1.1.1 1.96 24.52 26.48 NOTE
r-release-macos-arm64 1.1.1 16.00 NOTE
r-release-macos-x86_64 1.1.1 25.00 NOTE
r-release-windows-x86_64 1.1.1 38.00 57.00 95.00 NOTE
r-oldrel-macos-arm64 1.1.1 22.00 NOTE
r-oldrel-macos-x86_64 1.1.1 30.00 NOTE
r-oldrel-windows-ix86+x86_64 1.1.1 9.00 45.00 54.00 NOTE

Check Details

Version: 1.1.1
Check: LazyData
Result: NOTE
     'LazyData' is specified without a 'data' directory
Flavors: r-devel-linux-x86_64-debian-clang, r-devel-linux-x86_64-debian-gcc, r-devel-linux-x86_64-fedora-clang, r-devel-linux-x86_64-fedora-gcc, r-devel-windows-x86_64, r-patched-linux-x86_64, r-release-linux-x86_64, r-release-macos-arm64, r-release-macos-x86_64, r-release-windows-x86_64, r-oldrel-macos-arm64, r-oldrel-macos-x86_64, r-oldrel-windows-ix86+x86_64