CRAN Package Check Results for Package prettycode

Last updated on 2022-12-04 23:53:41 CET.

Flavor Version Tinstall Tcheck Ttotal Status Flags
r-devel-linux-x86_64-debian-clang 1.1.0 2.11 27.57 29.68 NOTE
r-devel-linux-x86_64-debian-gcc 1.1.0 1.72 21.93 23.65 NOTE
r-devel-linux-x86_64-fedora-clang 1.1.0 48.46 NOTE
r-devel-linux-x86_64-fedora-gcc 1.1.0 45.83 NOTE
r-devel-windows-x86_64 1.1.0 23.00 56.00 79.00 NOTE
r-patched-linux-x86_64 1.1.0 2.40 27.03 29.43 NOTE
r-release-linux-x86_64 1.1.0 1.76 26.32 28.08 NOTE
r-release-macos-arm64 1.1.0 15.00 NOTE
r-release-macos-x86_64 1.1.0 23.00 NOTE
r-release-windows-x86_64 1.1.0 27.00 59.00 86.00 NOTE
r-oldrel-macos-arm64 1.1.0 21.00 NOTE
r-oldrel-macos-x86_64 1.1.0 31.00 NOTE
r-oldrel-windows-ix86+x86_64 1.1.0 6.00 48.00 54.00 NOTE

Check Details

Version: 1.1.0
Check: LazyData
Result: NOTE
     'LazyData' is specified without a 'data' directory
Flavors: r-devel-linux-x86_64-debian-clang, r-devel-linux-x86_64-debian-gcc, r-devel-linux-x86_64-fedora-clang, r-devel-linux-x86_64-fedora-gcc, r-devel-windows-x86_64, r-patched-linux-x86_64, r-release-linux-x86_64, r-release-macos-arm64, r-release-macos-x86_64, r-release-windows-x86_64, r-oldrel-macos-arm64, r-oldrel-macos-x86_64, r-oldrel-windows-ix86+x86_64