Last updated on 2023-03-27 00:50:33 CEST.
Flavor | Version | Tinstall | Tcheck | Ttotal | Status | Flags |
---|---|---|---|---|---|---|
r-devel-linux-x86_64-debian-clang | 1.0.3 | 2.73 | 29.66 | 32.39 | NOTE | |
r-devel-linux-x86_64-debian-gcc | 1.0.3 | 2.20 | 22.75 | 24.95 | NOTE | |
r-devel-linux-x86_64-fedora-clang | 1.0.3 | 42.80 | NOTE | |||
r-devel-linux-x86_64-fedora-gcc | 1.0.3 | 37.88 | NOTE | |||
r-patched-linux-x86_64 | 1.0.3 | 2.18 | 27.92 | 30.10 | NOTE | |
r-release-linux-x86_64 | 1.0.3 | 2.13 | 29.12 | 31.25 | NOTE | |
r-release-macos-arm64 | 1.0.3 | 18.00 | NOTE | |||
r-release-macos-x86_64 | 1.0.3 | 23.00 | NOTE | |||
r-release-windows-x86_64 | 1.0.3 | 14.00 | 62.00 | 76.00 | NOTE | |
r-oldrel-macos-arm64 | 1.0.3 | 20.00 | NOTE | |||
r-oldrel-macos-x86_64 | 1.0.3 | 31.00 | NOTE | |||
r-oldrel-windows-ix86+x86_64 | 1.0.3 | 7.00 | 62.00 | 69.00 | NOTE |
Version: 1.0.3
Check: LazyData
Result: NOTE
'LazyData' is specified without a 'data' directory
Flavors: r-devel-linux-x86_64-debian-clang, r-devel-linux-x86_64-debian-gcc, r-devel-linux-x86_64-fedora-clang, r-devel-linux-x86_64-fedora-gcc, r-patched-linux-x86_64, r-release-linux-x86_64, r-release-macos-arm64, r-release-macos-x86_64, r-release-windows-x86_64, r-oldrel-macos-arm64, r-oldrel-macos-x86_64, r-oldrel-windows-ix86+x86_64