CRAN Package Check Results for Package prcr

Last updated on 2022-07-02 23:50:44 CEST.

Flavor Version Tinstall Tcheck Ttotal Status Flags
r-devel-linux-x86_64-debian-clang 0.2.1 7.11 67.85 74.96 OK
r-devel-linux-x86_64-debian-gcc 0.2.1 4.94 49.51 54.45 OK
r-devel-linux-x86_64-fedora-clang 0.2.1 95.79 NOTE
r-devel-linux-x86_64-fedora-gcc 0.2.1 94.24 NOTE
r-devel-windows-x86_64 0.2.1 13.00 91.00 104.00 OK
r-patched-linux-x86_64 0.2.1 4.38 62.26 66.64 OK
r-release-linux-x86_64 0.2.1 4.89 63.40 68.29 OK
r-release-macos-arm64 0.2.1 29.00 NOTE
r-release-macos-x86_64 0.2.1 51.00 NOTE
r-release-windows-x86_64 0.2.1 13.00 92.00 105.00 OK
r-oldrel-macos-arm64 0.2.1 37.00 NOTE
r-oldrel-macos-x86_64 0.2.1 48.00 NOTE
r-oldrel-windows-ix86+x86_64 0.2.1 16.00 89.00 105.00 OK

Check Details

Version: 0.2.1
Check: dependencies in R code
Result: NOTE
    Namespaces in Imports field not imported from:
     ‘class’ ‘forcats’ ‘irr’ ‘lpSolve’ ‘purrr’
     All declared Imports should be used.
Flavors: r-devel-linux-x86_64-fedora-clang, r-devel-linux-x86_64-fedora-gcc, r-release-macos-arm64, r-release-macos-x86_64, r-oldrel-macos-arm64, r-oldrel-macos-x86_64