Last updated on 2021-02-25 23:49:06 CET.
Flavor | Version | Tinstall | Tcheck | Ttotal | Status | Flags |
---|---|---|---|---|---|---|
r-devel-linux-x86_64-debian-clang | 1.1.1 | 2.38 | 22.06 | 24.44 | OK | |
r-devel-linux-x86_64-debian-gcc | 1.1.1 | 2.03 | 17.69 | 19.72 | OK | |
r-devel-linux-x86_64-fedora-clang | 1.1.1 | 39.69 | NOTE | |||
r-devel-linux-x86_64-fedora-gcc | 1.1.1 | 29.34 | NOTE | |||
r-devel-windows-ix86+x86_64 | 1.1.1 | 6.00 | 28.00 | 34.00 | OK | |
r-patched-linux-x86_64 | 1.1.1 | 2.53 | 21.64 | 24.17 | OK | |
r-patched-solaris-x86 | 1.1.1 | 42.00 | NOTE | |||
r-release-linux-x86_64 | 1.1.1 | 2.46 | 21.72 | 24.18 | OK | |
r-release-macos-x86_64 | 1.1.1 | NOTE | ||||
r-release-windows-ix86+x86_64 | 1.1.1 | 5.00 | 38.00 | 43.00 | OK | |
r-oldrel-macos-x86_64 | 1.1.1 | NOTE | ||||
r-oldrel-windows-ix86+x86_64 | 1.1.1 | 3.00 | 33.00 | 36.00 | OK |
Version: 1.1.1
Check: dependencies in R code
Result: NOTE
Namespaces in Imports field not imported from:
‘lmtest’ ‘sandwich’
All declared Imports should be used.
Flavors: r-devel-linux-x86_64-fedora-clang, r-devel-linux-x86_64-fedora-gcc, r-patched-solaris-x86, r-release-macos-x86_64, r-oldrel-macos-x86_64