CRAN Package Check Results for Package ppseq

Last updated on 2022-11-29 22:53:44 CET.

Flavor Version Tinstall Tcheck Ttotal Status Flags
r-devel-linux-x86_64-debian-clang 0.2.0 9.76 596.90 606.66 OK
r-devel-linux-x86_64-debian-gcc 0.2.0 6.69 437.69 444.38 OK
r-devel-linux-x86_64-fedora-clang 0.2.0 706.55 NOTE
r-devel-linux-x86_64-fedora-gcc 0.2.0 708.51 OK
r-devel-windows-x86_64 0.2.0 27.00 659.00 686.00 NOTE
r-patched-linux-x86_64 0.2.0 8.43 586.50 594.93 OK
r-release-linux-x86_64 0.2.0 9.75 570.28 580.03 OK
r-release-macos-arm64 0.2.0 177.00 NOTE
r-release-macos-x86_64 0.2.0 240.00 NOTE
r-release-windows-x86_64 0.2.0 40.00 677.00 717.00 NOTE
r-oldrel-macos-arm64 0.2.0 169.00 NOTE
r-oldrel-macos-x86_64 0.2.0 239.00 NOTE
r-oldrel-windows-ix86+x86_64 0.2.0 21.00 725.00 746.00 NOTE

Check Details

Version: 0.2.0
Check: installed package size
Result: NOTE
     installed size is 10.9Mb
     sub-directories of 1Mb or more:
     doc 10.3Mb
Flavors: r-devel-linux-x86_64-fedora-clang, r-devel-windows-x86_64, r-release-macos-arm64, r-release-macos-x86_64, r-release-windows-x86_64, r-oldrel-macos-arm64, r-oldrel-macos-x86_64, r-oldrel-windows-ix86+x86_64