CRAN Package Check Results for Package postDoubleR

Last updated on 2019-12-08 23:47:34 CET.

Flavor Version Tinstall Tcheck Ttotal Status Flags
r-devel-linux-x86_64-debian-clang 1.4.12 8.64 111.47 120.11 OK
r-devel-linux-x86_64-debian-gcc 1.4.12 7.50 83.42 90.92 OK
r-devel-linux-x86_64-fedora-clang 1.4.12 141.13 OK
r-devel-linux-x86_64-fedora-gcc 1.4.12 133.95 OK
r-devel-windows-ix86+x86_64 1.4.12 21.00 159.00 180.00 OK
r-devel-windows-ix86+x86_64-gcc8 1.4.12 21.00 161.00 182.00 OK
r-patched-linux-x86_64 1.4.12 8.52 95.93 104.45 OK
r-patched-solaris-x86 1.4.12 187.20 OK
r-release-linux-x86_64 1.4.12 8.59 99.06 107.65 OK
r-release-windows-ix86+x86_64 1.4.12 18.00 105.00 123.00 OK
r-release-osx-x86_64 1.4.12 OK
r-oldrel-windows-ix86+x86_64 1.4.12 10.00 99.00 109.00 WARN
r-oldrel-osx-x86_64 1.4.12 OK

Check Details

Version: 1.4.12
Check: whether package can be installed
Result: WARN
    Found the following significant warnings:
     Warning: S3 methods '[.fun_list', '[.grouped_df', 'all.equal.tbl_df', 'anti_join.data.frame', 'anti_join.tbl_df', 'arrange.data.frame', 'arrange.default', 'arrange.grouped_df', 'arrange.tbl_df', 'arrange_.data.frame', 'arrange_.tbl_df', 'as.data.frame.grouped_df', 'as.data.frame.rowwise_df', 'as.data.frame.tbl_cube', 'as.table.tbl_cube', 'as.tbl.data.frame', 'as.tbl.tbl', 'as.tbl_cube.array', 'as.tbl_cube.data.frame', 'as.tbl_cube.matrix', 'as.tbl_cube.table', 'as_tibble.grouped_df', 'as_tibble.tbl_cube', 'auto_copy.tbl_cube', 'auto_copy.tbl_df', 'cbind.grouped_df', 'collapse.data.frame', 'collect.data.frame', 'common_by.NULL', 'common_by.character', 'common_by.default', 'common_by.list', 'compute.data.frame', 'copy_to.DBIConnection', 'copy_to.src_local', 'default_missing.data.frame', 'default_missing.default', 'dim.tbl_cube', 'distinct.data.frame', 'distinct.default', 'distinct.grouped_df', 'distinct.tbl_df', 'distinct_.data.frame', 'distinct_.grouped_df', 'distinct_.tbl_df', 'do.NULL', 'do.da [... truncated]
Flavor: r-oldrel-windows-ix86+x86_64