Last updated on 2022-05-24 23:53:14 CEST.
Flavor | Version | Tinstall | Tcheck | Ttotal | Status | Flags |
---|---|---|---|---|---|---|
r-devel-linux-x86_64-debian-clang | 0.4.1 | 10.22 | 190.94 | 201.16 | OK | |
r-devel-linux-x86_64-debian-gcc | 0.4.1 | 7.25 | 137.28 | 144.53 | OK | |
r-devel-linux-x86_64-fedora-clang | 0.4.1 | 231.34 | OK | |||
r-devel-linux-x86_64-fedora-gcc | 0.4.1 | 214.98 | OK | |||
r-devel-windows-x86_64 | 0.4.1 | 97.00 | 217.00 | 314.00 | OK | |
r-patched-linux-x86_64 | 0.4.1 | 8.00 | 178.37 | 186.37 | OK | |
r-release-linux-x86_64 | 0.4.1 | OK | ||||
r-release-macos-arm64 | 0.4.1 | 71.00 | OK | |||
r-release-macos-x86_64 | 0.4.1 | 109.00 | NOTE | |||
r-release-windows-x86_64 | 0.4.1 | 68.00 | 208.00 | 276.00 | OK | |
r-oldrel-macos-arm64 | 0.4.1 | 67.00 | OK | |||
r-oldrel-macos-x86_64 | 0.4.1 | 114.00 | OK | |||
r-oldrel-windows-ix86+x86_64 | 0.4.1 | 21.00 | 222.00 | 243.00 | OK |
Version: 0.4.1
Check: package dependencies
Result: NOTE
Package suggested but not available for checking: ‘readtext’
Flavor: r-release-macos-x86_64