CRAN Package Check Results for Package pop

Last updated on 2022-06-30 23:52:21 CEST.

Flavor Version Tinstall Tcheck Ttotal Status Flags
r-devel-linux-x86_64-debian-clang 0.1 2.61 48.70 51.31 NOTE
r-devel-linux-x86_64-debian-gcc 0.1 3.08 36.04 39.12 NOTE
r-devel-linux-x86_64-fedora-clang 0.1 70.52 NOTE
r-devel-linux-x86_64-fedora-gcc 0.1 70.76 NOTE
r-devel-windows-x86_64 0.1 24.00 70.00 94.00 NOTE
r-patched-linux-x86_64 0.1 3.63 44.79 48.42 NOTE
r-release-linux-x86_64 0.1 3.12 46.05 49.17 NOTE
r-release-macos-arm64 0.1 21.00 NOTE
r-release-macos-x86_64 0.1 45.00 NOTE
r-release-windows-x86_64 0.1 19.00 72.00 91.00 NOTE
r-oldrel-macos-arm64 0.1 31.00 NOTE
r-oldrel-macos-x86_64 0.1 38.00 NOTE
r-oldrel-windows-ix86+x86_64 0.1 8.00 67.00 75.00 NOTE

Check Details

Version: 0.1
Check: LazyData
Result: NOTE
     'LazyData' is specified without a 'data' directory
Flavors: r-devel-linux-x86_64-debian-clang, r-devel-linux-x86_64-debian-gcc, r-devel-linux-x86_64-fedora-clang, r-devel-linux-x86_64-fedora-gcc, r-devel-windows-x86_64, r-patched-linux-x86_64, r-release-linux-x86_64, r-release-macos-arm64, r-release-macos-x86_64, r-release-windows-x86_64, r-oldrel-macos-arm64, r-oldrel-macos-x86_64, r-oldrel-windows-ix86+x86_64