Last updated on 2021-04-21 23:48:12 CEST.
Flavor | Version | Tinstall | Tcheck | Ttotal | Status | Flags |
---|---|---|---|---|---|---|
r-devel-linux-x86_64-debian-clang | 3.3 | 29.99 | 110.50 | 140.49 | OK | |
r-devel-linux-x86_64-debian-gcc | 3.3 | 21.88 | 83.22 | 105.10 | OK | |
r-devel-linux-x86_64-fedora-clang | 3.3 | 182.27 | OK | |||
r-devel-linux-x86_64-fedora-gcc | 3.3 | 161.63 | OK | |||
r-devel-windows-ix86+x86_64 | 3.3 | 77.00 | 238.00 | 315.00 | OK | |
r-devel-windows-x86_64-gcc10-UCRT | 3.3 | OK | ||||
r-patched-linux-x86_64 | 3.3 | 32.50 | 101.95 | 134.45 | OK | |
r-patched-solaris-x86 | 3.3 | 226.40 | OK | |||
r-release-linux-x86_64 | 3.3 | 26.61 | 103.30 | 129.91 | OK | |
r-release-macos-x86_64 | 3.3 | OK | ||||
r-release-windows-ix86+x86_64 | 3.3 | 76.00 | 189.00 | 265.00 | OK | |
r-oldrel-macos-x86_64 | 3.3 | ERROR | ||||
r-oldrel-windows-ix86+x86_64 | 2.8 | 70.00 | 237.00 | 307.00 | OK |
Version: 3.3
Check: whether package can be installed
Result: ERROR
Installation failed.
Flavor: r-oldrel-macos-x86_64