CRAN Package Check Results for Package pomdpSolve

Last updated on 2022-09-27 23:55:41 CEST.

Flavor Version Tinstall Tcheck Ttotal Status Flags
r-devel-linux-x86_64-debian-clang 1.0.0 21.36 20.96 42.32 OK
r-devel-linux-x86_64-debian-gcc 1.0.0 16.80 16.77 33.57 OK
r-devel-linux-x86_64-fedora-clang 1.0.0 64.44 NOTE
r-devel-linux-x86_64-fedora-gcc 1.0.0 64.14 OK
r-devel-windows-x86_64 1.0.0 80.00 49.00 129.00 OK
r-patched-linux-x86_64 1.0.0 18.19 20.46 38.65 OK
r-release-linux-x86_64 1.0.0 18.64 20.13 38.77 OK
r-release-macos-arm64 1.0.0 22.00 OK
r-release-macos-x86_64 1.0.0 30.00 OK
r-release-windows-x86_64 1.0.0 45.00 46.00 91.00 OK
r-oldrel-macos-arm64 1.0.0 21.00 OK
r-oldrel-macos-x86_64 1.0.0 30.00 OK
r-oldrel-windows-ix86+x86_64 1.0.0 61.00 31.00 92.00 OK

Check Details

Version: 1.0.0
Check: Rd cross-references
Result: NOTE
    Undeclared package ‘pomdp’ in Rd xrefs
Flavor: r-devel-linux-x86_64-fedora-clang