CRAN Package Check Results for Package polyfreqs

Last updated on 2022-12-02 23:50:36 CET.

Flavor Version Tinstall Tcheck Ttotal Status Flags
r-devel-linux-x86_64-debian-clang 1.0.2 41.64 31.99 73.63 NOTE
r-devel-linux-x86_64-debian-gcc 1.0.2 32.43 24.98 57.41 NOTE
r-devel-linux-x86_64-fedora-clang 1.0.2 122.02 NOTE
r-devel-linux-x86_64-fedora-gcc 1.0.2 166.95 NOTE
r-devel-windows-x86_64 1.0.2 187.00 80.00 267.00 OK
r-patched-linux-x86_64 1.0.2 36.19 30.76 66.95 NOTE
r-release-linux-x86_64 1.0.2 33.87 80.59 114.46 NOTE
r-release-macos-arm64 1.0.2 45.00 OK
r-release-macos-x86_64 1.0.2 63.00 OK
r-release-windows-x86_64 1.0.2 55.00 159.00 214.00 OK
r-oldrel-macos-arm64 1.0.2 53.00 OK
r-oldrel-macos-x86_64 1.0.2 87.00 OK
r-oldrel-windows-ix86+x86_64 1.0.2 100.00 78.00 178.00 OK

Check Details

Version: 1.0.2
Check: for non-standard things in the check directory
Result: NOTE
    Found the following files/directories:
     'polyfreqs-mcmc.out'
Flavors: r-devel-linux-x86_64-debian-clang, r-devel-linux-x86_64-debian-gcc, r-devel-linux-x86_64-fedora-clang, r-devel-linux-x86_64-fedora-gcc, r-patched-linux-x86_64, r-release-linux-x86_64

Version: 1.0.2
Check: compiled code
Result: NOTE
    File ‘polyfreqs/libs/polyfreqs.so’:
     Found no calls to: ‘R_registerRoutines’, ‘R_useDynamicSymbols’
    
    It is good practice to register native routines and to disable symbol
    search.
    
    See ‘Writing portable packages’ in the ‘Writing R Extensions’ manual.
Flavors: r-devel-linux-x86_64-fedora-clang, r-devel-linux-x86_64-fedora-gcc