CRAN Package Check Results for Package pollimetry

Last updated on 2019-06-07 02:51:03 CEST.

Flavor Version Tinstall Tcheck Ttotal Status Flags
r-devel-linux-x86_64-debian-clang 1.0.1 11.94 101.94 113.88 NOTE
r-devel-linux-x86_64-debian-gcc 1.0.1 10.94 79.66 90.60 NOTE
r-devel-linux-x86_64-fedora-clang 1.0.1 138.01 NOTE
r-devel-linux-x86_64-fedora-gcc 1.0.1 131.65 NOTE
r-devel-windows-ix86+x86_64 1.0.1 45.00 117.00 162.00 NOTE
r-patched-linux-x86_64 1.0.1 13.18 99.73 112.91 NOTE
r-patched-solaris-x86 1.0.1 252.80 NOTE
r-release-linux-x86_64 1.0.1 11.86 100.63 112.49 NOTE
r-release-windows-ix86+x86_64 1.0.1 37.00 172.00 209.00 NOTE
r-release-osx-x86_64 1.0.1 NOTE
r-oldrel-windows-ix86+x86_64 1.0.1 15.00 169.00 184.00 NOTE
r-oldrel-osx-x86_64 1.0.1 NOTE

Check Details

Version: 1.0.1
Check: package dependencies
Result: NOTE
    Package suggested but not available for checking: 'pollimetrydata'
Flavors: r-devel-linux-x86_64-debian-clang, r-devel-linux-x86_64-debian-gcc, r-devel-linux-x86_64-fedora-clang, r-devel-linux-x86_64-fedora-gcc, r-devel-windows-ix86+x86_64, r-patched-linux-x86_64, r-patched-solaris-x86, r-release-linux-x86_64, r-release-windows-ix86+x86_64, r-release-osx-x86_64, r-oldrel-windows-ix86+x86_64, r-oldrel-osx-x86_64