CRAN Package Check Results for Package pollimetry

Last updated on 2019-09-08 23:47:21 CEST.

Flavor Version Tinstall Tcheck Ttotal Status Flags
r-devel-linux-x86_64-debian-clang 1.0.1 NOTE
r-devel-linux-x86_64-debian-gcc 1.0.1 12.70 81.40 94.10 NOTE
r-devel-linux-x86_64-fedora-clang 1.0.1 140.83 NOTE
r-devel-linux-x86_64-fedora-gcc 1.0.1 137.36 NOTE
r-devel-windows-ix86+x86_64 1.0.1 54.00 124.00 178.00 NOTE
r-patched-linux-x86_64 1.0.1 12.01 100.68 112.69 NOTE
r-patched-solaris-x86 1.0.1 219.50 NOTE
r-release-linux-x86_64 1.0.1 12.47 101.73 114.20 NOTE
r-release-windows-ix86+x86_64 1.0.1 30.00 171.00 201.00 NOTE
r-release-osx-x86_64 1.0.1 NOTE
r-oldrel-windows-ix86+x86_64 1.0.1 24.00 114.00 138.00 NOTE
r-oldrel-osx-x86_64 1.0.1 NOTE

Check Details

Version: 1.0.1
Check: package dependencies
Result: NOTE
    Package suggested but not available for checking: 'pollimetrydata'
Flavors: r-devel-linux-x86_64-debian-clang, r-devel-linux-x86_64-debian-gcc, r-devel-linux-x86_64-fedora-clang, r-devel-linux-x86_64-fedora-gcc, r-devel-windows-ix86+x86_64, r-patched-linux-x86_64, r-patched-solaris-x86, r-release-linux-x86_64, r-release-windows-ix86+x86_64, r-release-osx-x86_64, r-oldrel-windows-ix86+x86_64, r-oldrel-osx-x86_64