Last updated on 2021-03-01 23:49:03 CET.
Flavor | Version | Tinstall | Tcheck | Ttotal | Status | Flags |
---|---|---|---|---|---|---|
r-devel-linux-x86_64-debian-clang | 0.2.0 | OK | ||||
r-devel-linux-x86_64-debian-gcc | 0.2.0 | 7.99 | 52.00 | 59.99 | OK | |
r-devel-linux-x86_64-fedora-clang | 0.2.0 | 105.47 | NOTE | |||
r-devel-linux-x86_64-fedora-gcc | 0.2.0 | 90.12 | OK | |||
r-devel-windows-ix86+x86_64 | 0.2.0 | 15.00 | 72.00 | 87.00 | OK | |
r-patched-linux-x86_64 | 0.2.0 | 8.64 | 64.30 | 72.94 | OK | |
r-patched-solaris-x86 | 0.2.0 | 134.20 | OK | |||
r-release-linux-x86_64 | 0.2.0 | 8.99 | 64.74 | 73.73 | OK | |
r-release-macos-x86_64 | 0.2.0 | OK | ||||
r-release-windows-ix86+x86_64 | 0.2.0 | 23.00 | 71.00 | 94.00 | OK | |
r-oldrel-macos-x86_64 | 0.2.0 | OK | ||||
r-oldrel-windows-ix86+x86_64 | 0.2.0 | 15.00 | 71.00 | 86.00 | OK |
Version: 0.2.0
Check: package dependencies
Result: NOTE
Imports includes 22 non-default packages.
Importing from so many packages makes the package vulnerable to any of
them becoming unavailable. Move as many as possible to Suggests and
use conditionally.
Flavor: r-devel-linux-x86_64-fedora-clang