Last updated on 2021-03-01 23:49:03 CET.
Flavor | Version | Tinstall | Tcheck | Ttotal | Status | Flags |
---|---|---|---|---|---|---|
r-devel-linux-x86_64-debian-clang | 0.0.1 | OK | ||||
r-devel-linux-x86_64-debian-gcc | 0.0.1 | 2.59 | 25.23 | 27.82 | OK | |
r-devel-linux-x86_64-fedora-clang | 0.0.1 | 53.20 | NOTE | |||
r-devel-linux-x86_64-fedora-gcc | 0.0.1 | 42.22 | NOTE | |||
r-devel-windows-ix86+x86_64 | 0.0.1 | 7.00 | 39.00 | 46.00 | OK | |
r-patched-linux-x86_64 | 0.0.1 | 3.09 | 31.29 | 34.38 | OK | |
r-patched-solaris-x86 | 0.0.1 | 65.40 | NOTE | |||
r-release-linux-x86_64 | 0.0.1 | 3.00 | 31.49 | 34.49 | OK | |
r-release-macos-x86_64 | 0.0.1 | NOTE | ||||
r-release-windows-ix86+x86_64 | 0.0.1 | 10.00 | 45.00 | 55.00 | OK | |
r-oldrel-macos-x86_64 | 0.0.1 | NOTE | ||||
r-oldrel-windows-ix86+x86_64 | 0.0.1 | 5.00 | 42.00 | 47.00 | OK |
Version: 0.0.1
Check: dependencies in R code
Result: NOTE
Namespaces in Imports field not imported from:
‘argonDash’ ‘argonR’ ‘colourpicker’ ‘ggplot2’ ‘grid’ ‘hexSticker’
‘png’ ‘shinyWidgets’
All declared Imports should be used.
Flavors: r-devel-linux-x86_64-fedora-clang, r-devel-linux-x86_64-fedora-gcc, r-patched-solaris-x86, r-release-macos-x86_64, r-oldrel-macos-x86_64